{"id":19,"date":"2020-01-28T11:34:42","date_gmt":"2020-01-28T11:34:42","guid":{"rendered":"https:\/\/caritaslondrina.com.br\/dese2\/?page_id=19"},"modified":"2021-10-27T09:57:16","modified_gmt":"2021-10-27T12:57:16","slug":"apresentacao","status":"publish","type":"page","link":"https:\/\/caritaslondrina.com.br\/dese2\/apresentacao\/","title":{"rendered":"Apresenta\u00e7\u00e3o"},"content":{"rendered":"\n<p class=\"has-drop-cap\">A C\u00e1ritas de Londrina tem pautado suas a\u00e7\u00f5es na garantia e defesa dos direitos humanos de pessoas e grupos que se encontram em situa\u00e7\u00e3o de risco.&nbsp; Esse trabalho \u00e9 realizado em rede, isto \u00e9, trabalhamos conjuntamente com todas as a\u00e7\u00f5es sociais da arquidiocese de Londrina: entidades sociais, movimentos, pastorais sociais, organismos p\u00fablicos, com uma articula\u00e7\u00e3o no estado e com outros entes situados em outras unidades da federa\u00e7\u00e3o, com destaque para o trabalho conjunto voltado para as situa\u00e7\u00f5es de migra\u00e7\u00e3o em parceria com entidades como o Instituto de Migra\u00e7\u00f5es e Direitos Humanos&nbsp; e o Servi\u00e7o Pastoral do Migrante (SPM).<\/p>\n\n\n\n<p>Com esse \u00faltimo temos desenvolvido todo o trabalho de atendimentos de migrantes e imigrantes, com destaque nos \u00faltimos meses aos imigrantes haitianos e bengaleses (Bangladesh).<\/p>\n\n\n\n<p>A C\u00e1ritas Arquidiocesana de Londrina t\u00eam prestado um servi\u00e7o de apoio, acolhimento e solidariedade. Isto \u00e9 essencial para o momento da chegada ao Brasil e \u00e0 nossa regi\u00e3o. \u201cEra estrangeiro e me acolhestes\u201d (Mt 25,35).<\/p>\n\n\n\n<p>A C\u00e1ritas \u00e9 um organismo ligado \u00e0 Igreja Cat\u00f3lica e integra a rede C\u00e1ritas Brasileira e por sua vez a C\u00e1ritas Internacional (Caritas Internationalis), uma confedera\u00e7\u00e3o de 162 organiza\u00e7\u00f5es humanit\u00e1rias que atua em mais de duzentos pa\u00edses. Coletiva e individualmente a sua miss\u00e3o \u00e9 trabalhar para construir um mundo melhor, especialmente para os pobres e oprimidos.<\/p>\n\n\n\n<p>&nbsp;A C\u00e1ritas de Londrina foi fundada em outubro de 1996.<\/p>\n\n\n\n<h3 class=\"wp-block-heading\">MISS\u00c3O<\/h3>\n\n\n\n<p>\u201cTestemunhar e anunciar o Evangelho de Jesus Cristo, defendendo e promovendo toda forma de vida e participando da constru\u00e7\u00e3o solid\u00e1ria da sociedade do Bem Viver, sinal do Reino de Deus, junto com as pessoas em situa\u00e7\u00e3o de vulnerabilidade e exclus\u00e3o social&#8221; \u00e9 a miss\u00e3o da C\u00e1ritas Arquidiocesana de Londrina.<\/p>\n\n\n\n<h2 class=\"wp-block-heading\">Princ\u00edpios<\/h2>\n\n\n\n<p>Defesa e promo\u00e7\u00e3o da vida para a constru\u00e7\u00e3o da sociedade do Bem Viver<\/p>\n\n\n\n<p>M\u00edstica e espiritualidade libertadora, ecum\u00eanica e inter-religiosa<\/p>\n\n\n\n<p>Cultura de solidariedade transformadora<\/p>\n\n\n\n<p>Protagonismo das pessoas em situa\u00e7\u00e3o de vulnerabilidade, de risco e\/ou exclus\u00e3o social<\/p>\n\n\n\n<p>Democracia participativa e justi\u00e7a socioambiental<\/p>\n\n\n\n<p>Rela\u00e7\u00f5es de equidade \u00e9tnico-raciais, de g\u00eanero e gera\u00e7\u00e3o<\/p>\n\n\n\n<p>Projeto popular de sociedade justa, solid\u00e1ria e sustent\u00e1vel<\/p>\n\n\n\n<p>Pastoralidade e transforma\u00e7\u00e3o social<\/p>\n\n\n\n<p>C\u00e1ritas no cora\u00e7\u00e3o da Igreja e na sociedade no servi\u00e7o com os pobres<\/p>\n\n\n\n<h3 class=\"wp-block-heading\">DIRETRIZ GERAL DA A\u00c7\u00c3O<\/h3>\n\n\n\n<p> A C\u00e1ritas Londrina se compromete com a constru\u00e7\u00e3o do desenvolvimento Solid\u00e1rio Sustent\u00e1vel e Territorial, na perspectiva de um projeto popular de sociedade democr\u00e1tica.<\/p>\n\n\n\n<h3 class=\"wp-block-heading\">ORIENTA\u00c7\u00d5ES ESTRAT\u00c9GICAS<\/h3>\n\n\n\n<p>Promo\u00e7\u00e3o e fortalecimento de iniciativas locais e territoriais na constru\u00e7\u00e3o da sociedade do Bem Viver<\/p>\n\n\n\n<p>Defesa e promo\u00e7\u00e3o de direitos, constru\u00e7\u00e3o e controle das pol\u00edticas p\u00fablicas<\/p>\n\n\n\n<p>Organiza\u00e7\u00e3o, fortalecimento e sustentabilidade da Rede C\u00e1ritas<\/p>\n\n\n\n<p>Forma\u00e7\u00e3o permanente do voluntariado<\/p>\n","protected":false},"excerpt":{"rendered":"<p>A C\u00e1ritas de Londrina tem pautado suas a\u00e7\u00f5es na garantia e defesa dos direitos humanos de pessoas e grupos que se encontram em situa\u00e7\u00e3o de risco.&nbsp; Esse trabalho \u00e9 realizado em rede, isto \u00e9, trabalhamos conjuntamente com todas as a\u00e7\u00f5es sociais da arquidiocese de Londrina: entidades sociais, movimentos, pastorais sociais, organismos p\u00fablicos, com uma articula\u00e7\u00e3o &hellip;<\/p>\n<p class=\"read-more\"> <a class=\"\" href=\"https:\/\/caritaslondrina.com.br\/dese2\/apresentacao\/\"> <span class=\"screen-reader-text\">Apresenta\u00e7\u00e3o<\/span> Leia mais &raquo;<\/a><\/p>\n","protected":false},"author":1,"featured_media":0,"parent":0,"menu_order":0,"comment_status":"closed","ping_status":"closed","template":"","meta":{"_coblocks_attr":"","_coblocks_dimensions":"","_coblocks_responsive_height":"","_coblocks_accordion_ie_support":"","_uag_custom_page_level_css":"","advgb_blocks_editor_width":"","advgb_blocks_columns_visual_guide":"","_mi_skip_tracking":false,"_monsterinsights_sitenote_active":false,"_monsterinsights_sitenote_note":"","_monsterinsights_sitenote_category":0,"site-sidebar-layout":"default","site-content-layout":"default","ast-global-header-display":"","ast-banner-title-visibility":"","ast-main-header-display":"","ast-hfb-above-header-display":"","ast-hfb-below-header-display":"","ast-hfb-mobile-header-display":"","site-post-title":"","ast-breadcrumbs-content":"","ast-featured-img":"","footer-sml-layout":"","theme-transparent-header-meta":"default","adv-header-id-meta":"","stick-header-meta":"","header-above-stick-meta":"","header-main-stick-meta":"","header-below-stick-meta":"","footnotes":""},"class_list":["post-19","page","type-page","status-publish","hentry"],"uagb_featured_image_src":{"full":false,"thumbnail":false,"medium":false,"medium_large":false,"large":false,"1536x1536":false,"2048x2048":false},"uagb_author_info":{"display_name":"admin","author_link":"https:\/\/caritaslondrina.com.br\/dese2\/author\/admin\/"},"uagb_comment_info":0,"uagb_excerpt":"A C\u00e1ritas de Londrina tem pautado suas a\u00e7\u00f5es na garantia e defesa dos direitos humanos de pessoas e grupos que se encontram em situa\u00e7\u00e3o de risco.&nbsp; Esse trabalho \u00e9 realizado em rede, isto \u00e9, trabalhamos conjuntamente com todas as a\u00e7\u00f5es sociais da arquidiocese de Londrina: entidades sociais, movimentos, pastorais sociais, organismos p\u00fablicos, com uma articula\u00e7\u00e3o&hellip;","coauthors":[],"author_meta":{"author_link":"https:\/\/caritaslondrina.com.br\/dese2\/author\/admin\/","display_name":"admin"},"relative_dates":{"created":"Publicado 6 anos atr\u00e1s","modified":"Atualizado 5 anos atr\u00e1s"},"absolute_dates":{"created":"Publicado em 28 de janeiro de 2020","modified":"Atualizado em 27 de outubro de 2021"},"absolute_dates_time":{"created":"Publicado em 28 de janeiro de 2020 11:34 am","modified":"Atualizado em 27 de outubro de 2021 9:57 am"},"featured_img_caption":"","featured_img":false,"series_order":"","_links":{"self":[{"href":"https:\/\/caritaslondrina.com.br\/dese2\/wp-json\/wp\/v2\/pages\/19","targetHints":{"allow":["GET"]}}],"collection":[{"href":"https:\/\/caritaslondrina.com.br\/dese2\/wp-json\/wp\/v2\/pages"}],"about":[{"href":"https:\/\/caritaslondrina.com.br\/dese2\/wp-json\/wp\/v2\/types\/page"}],"author":[{"embeddable":true,"href":"https:\/\/caritaslondrina.com.br\/dese2\/wp-json\/wp\/v2\/users\/1"}],"replies":[{"embeddable":true,"href":"https:\/\/caritaslondrina.com.br\/dese2\/wp-json\/wp\/v2\/comments?post=19"}],"version-history":[{"count":6,"href":"https:\/\/caritaslondrina.com.br\/dese2\/wp-json\/wp\/v2\/pages\/19\/revisions"}],"predecessor-version":[{"id":926,"href":"https:\/\/caritaslondrina.com.br\/dese2\/wp-json\/wp\/v2\/pages\/19\/revisions\/926"}],"wp:attachment":[{"href":"https:\/\/caritaslondrina.com.br\/dese2\/wp-json\/wp\/v2\/media?parent=19"}],"curies":[{"name":"wp","href":"https:\/\/api.w.org\/{rel}","templated":true}]}}

Apresentação

<p class="has-drop-cap">A Cáritas de Londrina tem pautado suas ações na garantia e defesa dos direitos humanos de pessoas e grupos que se encontram em situação de risco.&nbsp; Esse trabalho é realizado em rede, isto é, trabalhamos conjuntamente com todas as ações sociais da arquidiocese de Londrina: entidades sociais, movimentos, pastorais sociais, organismos públicos, com uma articulação no estado e com outros entes situados em outras unidades da federação, com destaque para o trabalho conjunto voltado para as situações de migração em parceria com entidades como o Instituto de Migrações e Direitos Humanos&nbsp; e o Serviço Pastoral do Migrante (SPM).</p>



<p>Com esse último temos desenvolvido todo o trabalho de atendimentos de migrantes e imigrantes, com destaque nos últimos meses aos imigrantes haitianos e bengaleses (Bangladesh).</p>



<p>A Cáritas Arquidiocesana de Londrina têm prestado um serviço de apoio, acolhimento e solidariedade. Isto é essencial para o momento da chegada ao Brasil e à nossa região. “Era estrangeiro e me acolhestes” (Mt 25,35).</p>



<p>A Cáritas é um organismo ligado à Igreja Católica e integra a rede Cáritas Brasileira e por sua vez a Cáritas Internacional (Caritas Internationalis), uma confederação de 162 organizações humanitárias que atua em mais de duzentos países. Coletiva e individualmente a sua missão é trabalhar para construir um mundo melhor, especialmente para os pobres e oprimidos.</p>



<p>&nbsp;A Cáritas de Londrina foi fundada em outubro de 1996.</p>



<h3 class="wp-block-heading">MISSÃO</h3>



<p>“Testemunhar e anunciar o Evangelho de Jesus Cristo, defendendo e promovendo toda forma de vida e participando da construção solidária da sociedade do Bem Viver, sinal do Reino de Deus, junto com as pessoas em situação de vulnerabilidade e exclusão social&#8221; é a missão da Cáritas Arquidiocesana de Londrina.</p>



<h2 class="wp-block-heading">Princípios</h2>



<p>Defesa e promoção da vida para a construção da sociedade do Bem Viver</p>



<p>Mística e espiritualidade libertadora, ecumênica e inter-religiosa</p>



<p>Cultura de solidariedade transformadora</p>



<p>Protagonismo das pessoas em situação de vulnerabilidade, de risco e/ou exclusão social</p>



<p>Democracia participativa e justiça socioambiental</p>



<p>Relações de equidade étnico-raciais, de gênero e geração</p>



<p>Projeto popular de sociedade justa, solidária e sustentável</p>



<p>Pastoralidade e transformação social</p>



<p>Cáritas no coração da Igreja e na sociedade no serviço com os pobres</p>



<h3 class="wp-block-heading">DIRETRIZ GERAL DA AÇÃO</h3>



<p> A Cáritas Londrina se compromete com a construção do desenvolvimento Solidário Sustentável e Territorial, na perspectiva de um projeto popular de sociedade democrática.</p>



<h3 class="wp-block-heading">ORIENTAÇÕES ESTRATÉGICAS</h3>



<p>Promoção e fortalecimento de iniciativas locais e territoriais na construção da sociedade do Bem Viver</p>



<p>Defesa e promoção de direitos, construção e controle das políticas públicas</p>



<p>Organização, fortalecimento e sustentabilidade da Rede Cáritas</p>



<p>Formação permanente do voluntariado</p>

<p>A Cáritas de Londrina tem pautado suas ações na garantia e defesa dos direitos humanos de pessoas e grupos que se encontram em situação de risco.&nbsp; Esse trabalho é realizado em rede, isto é, trabalhamos conjuntamente com todas as ações sociais da arquidiocese de Londrina: entidades sociais, movimentos, pastorais sociais, organismos públicos, com uma articulação &hellip;</p>
<p class="read-more"> <a class="" href="https://caritaslondrina.com.br/dese2/apresentacao/"> <span class="screen-reader-text">Apresentação</span> Leia mais &raquo;</a></p>

A Cáritas de Londrina tem pautado suas ações na garantia e defesa dos direitos humanos de pessoas e grupos que se encontram em situação de risco.&nbsp; Esse trabalho é realizado em rede, isto é, trabalhamos conjuntamente com todas as ações sociais da arquidiocese de Londrina: entidades sociais, movimentos, pastorais sociais, organismos públicos, com uma articulação&hellip;

Publicado 6 anos atrás

Atualizado 5 anos atrás
