{"id":35,"date":"2020-01-28T11:36:08","date_gmt":"2020-01-28T11:36:08","guid":{"rendered":"https:\/\/caritaslondrina.com.br\/dese2\/?page_id=35"},"modified":"2020-09-25T17:02:33","modified_gmt":"2020-09-25T20:02:33","slug":"biblioteca-santa-fe","status":"publish","type":"page","link":"https:\/\/caritaslondrina.com.br\/dese2\/biblioteca-santa-fe\/","title":{"rendered":"Biblioteca Popular"},"content":{"rendered":"\n<p class=\"has-drop-cap\">Inaugurada em 2007 &#8211; sendo o projeto mais longevo da C\u00e1ritas Londrina -, a Biblioteca Popular oferta atividades de car\u00e1ter socioeducativo para crian\u00e7as e adolescentes dos jardins Santa F\u00e9 e Monte Cristo, regi\u00e3o leste de Londrina<\/p>\n\n\n\n<p>O espa\u00e7o oferece cursos de ballet e inform\u00e1tica, al\u00e9m de contar com uma brinquedoteca com instrumentos l\u00fadicos que contribuem para o  desenvolvimento da crian\u00e7a e um espa\u00e7o para atividades culturais. <\/p>\n\n\n\n<p>A biblioteca disp\u00f5e ainda de um acervo de livros totalmente gratuitos \u00e0 comunidade. Cinco volunt\u00e1rios ficaram respons\u00e1veis pelo levantamento e registro de todos os livros da biblioteca para a possibilidade de empr\u00e9stimo aos usu\u00e1rios. <\/p>\n\n\n\n<p><strong>Projetos &#8211; <\/strong>O espa\u00e7o da Biblioteca Popular possui atualmente tr\u00eas projetos:<\/p>\n\n\n\n<ul class=\"wp-block-list\"><li>Aulas de ballet &#8211; s\u00e1bados das 08h \u00e0s 09h &#8211;  para crian\u00e7as de 6 a 15 anos<\/li><li>&#8220;Hora do Conto&#8221; &#8211; em parceria com estagi\u00e1rios do curso de Psicologia da Universidade Norte do Paran\u00e1 (UNOPAR) &#8211; todas as quartas-feiras &#8211; para crian\u00e7as de 6 a 12 anos<\/li><li>&#8220;Crian\u00e7a Feliz&#8221; &#8211; em parceria com a Secretaria Municipal de Educa\u00e7\u00e3o &#8211;   \u00e0s sextas-feiras &#8211; para crian\u00e7as de at\u00e9 04 anos <\/li><\/ul>\n\n\n\n<p><strong>Em 2019, passaram pela Biblioteca Popular uma m\u00e9dia de 65 crian\u00e7as e adolescentes. (confirmar dados)<\/strong><\/p>\n\n\n\n<p>*<strong>***\u00c1lbum de fotos??****<\/strong><\/p>\n","protected":false},"excerpt":{"rendered":"<p>Inaugurada em 2007 &#8211; sendo o projeto mais longevo da C\u00e1ritas Londrina -, a Biblioteca Popular oferta atividades de car\u00e1ter socioeducativo para crian\u00e7as e adolescentes dos jardins Santa F\u00e9 e Monte Cristo, regi\u00e3o leste de Londrina O espa\u00e7o oferece cursos de ballet e inform\u00e1tica, al\u00e9m de contar com uma brinquedoteca com instrumentos l\u00fadicos que contribuem &hellip;<\/p>\n<p class=\"read-more\"> <a class=\"\" href=\"https:\/\/caritaslondrina.com.br\/dese2\/biblioteca-santa-fe\/\"> <span class=\"screen-reader-text\">Biblioteca Popular<\/span> Leia mais &raquo;<\/a><\/p>\n","protected":false},"author":1,"featured_media":0,"parent":0,"menu_order":0,"comment_status":"closed","ping_status":"closed","template":"","meta":{"_coblocks_attr":"","_coblocks_dimensions":"","_coblocks_responsive_height":"","_coblocks_accordion_ie_support":"","_uag_custom_page_level_css":"","advgb_blocks_editor_width":"","advgb_blocks_columns_visual_guide":"","_mi_skip_tracking":false,"_monsterinsights_sitenote_active":false,"_monsterinsights_sitenote_note":"","_monsterinsights_sitenote_category":0,"site-sidebar-layout":"default","site-content-layout":"default","ast-global-header-display":"","ast-banner-title-visibility":"","ast-main-header-display":"","ast-hfb-above-header-display":"","ast-hfb-below-header-display":"","ast-hfb-mobile-header-display":"","site-post-title":"","ast-breadcrumbs-content":"","ast-featured-img":"","footer-sml-layout":"","theme-transparent-header-meta":"default","adv-header-id-meta":"","stick-header-meta":"","header-above-stick-meta":"","header-main-stick-meta":"","header-below-stick-meta":"","footnotes":""},"class_list":["post-35","page","type-page","status-publish","hentry"],"uagb_featured_image_src":{"full":false,"thumbnail":false,"medium":false,"medium_large":false,"large":false,"1536x1536":false,"2048x2048":false},"uagb_author_info":{"display_name":"admin","author_link":"https:\/\/caritaslondrina.com.br\/dese2\/author\/admin\/"},"uagb_comment_info":0,"uagb_excerpt":"Inaugurada em 2007 &#8211; sendo o projeto mais longevo da C\u00e1ritas Londrina -, a Biblioteca Popular oferta atividades de car\u00e1ter socioeducativo para crian\u00e7as e adolescentes dos jardins Santa F\u00e9 e Monte Cristo, regi\u00e3o leste de Londrina O espa\u00e7o oferece cursos de ballet e inform\u00e1tica, al\u00e9m de contar com uma brinquedoteca com instrumentos l\u00fadicos que contribuem&hellip;","coauthors":[],"author_meta":{"author_link":"https:\/\/caritaslondrina.com.br\/dese2\/author\/admin\/","display_name":"admin"},"relative_dates":{"created":"Publicado 6 anos atr\u00e1s","modified":"Atualizado 6 anos atr\u00e1s"},"absolute_dates":{"created":"Publicado em 28 de janeiro de 2020","modified":"Atualizado em 25 de setembro de 2020"},"absolute_dates_time":{"created":"Publicado em 28 de janeiro de 2020 11:36 am","modified":"Atualizado em 25 de setembro de 2020 5:02 pm"},"featured_img_caption":"","featured_img":false,"series_order":"","_links":{"self":[{"href":"https:\/\/caritaslondrina.com.br\/dese2\/wp-json\/wp\/v2\/pages\/35","targetHints":{"allow":["GET"]}}],"collection":[{"href":"https:\/\/caritaslondrina.com.br\/dese2\/wp-json\/wp\/v2\/pages"}],"about":[{"href":"https:\/\/caritaslondrina.com.br\/dese2\/wp-json\/wp\/v2\/types\/page"}],"author":[{"embeddable":true,"href":"https:\/\/caritaslondrina.com.br\/dese2\/wp-json\/wp\/v2\/users\/1"}],"replies":[{"embeddable":true,"href":"https:\/\/caritaslondrina.com.br\/dese2\/wp-json\/wp\/v2\/comments?post=35"}],"version-history":[{"count":7,"href":"https:\/\/caritaslondrina.com.br\/dese2\/wp-json\/wp\/v2\/pages\/35\/revisions"}],"predecessor-version":[{"id":552,"href":"https:\/\/caritaslondrina.com.br\/dese2\/wp-json\/wp\/v2\/pages\/35\/revisions\/552"}],"wp:attachment":[{"href":"https:\/\/caritaslondrina.com.br\/dese2\/wp-json\/wp\/v2\/media?parent=35"}],"curies":[{"name":"wp","href":"https:\/\/api.w.org\/{rel}","templated":true}]}}