{"id":39,"date":"2020-01-28T11:36:31","date_gmt":"2020-01-28T11:36:31","guid":{"rendered":"https:\/\/caritaslondrina.com.br\/dese2\/?page_id=39"},"modified":"2022-08-22T15:01:20","modified_gmt":"2022-08-22T18:01:20","slug":"oleo-solidario","status":"publish","type":"page","link":"https:\/\/caritaslondrina.com.br\/dese2\/oleo-solidario\/","title":{"rendered":"\u00d3leo Solid\u00e1rio"},"content":{"rendered":"\n<div class=\"wp-block-cover is-light advgb-dyn-daf4f4ae\" style=\"min-height:325px;aspect-ratio:unset;\"><span aria-hidden=\"true\" class=\"wp-block-cover__background has-background-dim\" style=\"background-color:#ffffff\"><\/span><img fetchpriority=\"high\" decoding=\"async\" width=\"2292\" height=\"1667\" class=\"wp-block-cover__image-background wp-image-163\" alt=\"\" src=\"https:\/\/caritaslondrina.com.br\/dese2\/wp-content\/uploads\/2020\/02\/fc73b447d0484df986702114be2cc373.png\" data-object-fit=\"cover\" srcset=\"https:\/\/caritaslondrina.com.br\/dese2\/wp-content\/uploads\/2020\/02\/fc73b447d0484df986702114be2cc373.png 2292w, https:\/\/caritaslondrina.com.br\/dese2\/wp-content\/uploads\/2020\/02\/fc73b447d0484df986702114be2cc373-300x218.png 300w, https:\/\/caritaslondrina.com.br\/dese2\/wp-content\/uploads\/2020\/02\/fc73b447d0484df986702114be2cc373-1024x745.png 1024w, https:\/\/caritaslondrina.com.br\/dese2\/wp-content\/uploads\/2020\/02\/fc73b447d0484df986702114be2cc373-768x559.png 768w, https:\/\/caritaslondrina.com.br\/dese2\/wp-content\/uploads\/2020\/02\/fc73b447d0484df986702114be2cc373-1536x1117.png 1536w, https:\/\/caritaslondrina.com.br\/dese2\/wp-content\/uploads\/2020\/02\/fc73b447d0484df986702114be2cc373-2048x1490.png 2048w\" sizes=\"(max-width: 2292px) 100vw, 2292px\" \/><div class=\"wp-block-cover__inner-container is-layout-flow wp-block-cover-is-layout-flow\">\n<p class=\"has-text-align-center has-large-font-size\"><\/p>\n<\/div><\/div>\n\n\n\n<p><\/p>\n\n\n\n<p class=\"has-drop-cap\">Por iniciativa dos Mission\u00e1rios Redentoristas e inspirado na implanta\u00e7\u00e3o do Projeto &#8220;Perpet\u00f3leo&#8221;, em Curitiba (PR), em 2013 a C\u00e1ritas Londrina desenvolveu o &#8220;Projeto \u00d3leo Solid\u00e1rio&#8221;, em parceria com as par\u00f3quias da Arquidiocese e tamb\u00e9m com o setor do com\u00e9rcio.<\/p>\n\n\n\n<p>Todo o \u00f3leo de cozinha recolhido pelos volunt\u00e1rios da C\u00e1ritas nas par\u00f3quias e com\u00e9rcios parceiros \u00e9 vendido \u00e0 empresa ITA Res\u00edduos, especializada na ger\u00eancia do material, que se responsabiliza pelo descarte correto desse res\u00edduo. O valor obtido pela venda do \u00f3leo \u00e9 revertido para os demais projetos mantidos por nossa entidade.<\/p>\n\n\n\n<p>Dentro do Projeto \u00d3leo Solid\u00e1rio, a C\u00e1ritas firmou conv\u00eanio com a Companhia de Saneamento do Paran\u00e1 (SANEPAR) para a realiza\u00e7\u00e3o de palestras educativas em escolas municipais dando \u00eanfase \u00e0 import\u00e2ncia do descarte correto do \u00f3leo e suas diversas utilidades, como por exemplo biodiesel, ra\u00e7\u00e3o para animais e produtos cosm\u00e9ticos, al\u00e9m de destacar a prote\u00e7\u00e3o ao meio ambiente.<\/p>\n\n\n\n<p>Outra parceria firmada pela C\u00e1ritas Londrina foi com a empresa Imcopa, que atua na importa\u00e7\u00e3o de exporta\u00e7\u00e3o do \u00f3leo, onde foi contratado um funcion\u00e1rio para trabalhar exclusivamente no projeto, tendo como fun\u00e7\u00e3o o controle, administra\u00e7\u00e3o e manuten\u00e7\u00e3o dos atuais postos de coleta, al\u00e9m de trabalhar na implanta\u00e7\u00e3o de novos pontos.<\/p>\n\n\n\n<p>O Projeto \u00d3leo Solid\u00e1rio tamb\u00e9m se preocupa com os recipientes em que s\u00e3o trazidos o \u00f3leo: independente de seu material &#8211; vidro ou PET &#8211; todos s\u00e3o reciclados.<\/p>\n\n\n\n<div class=\"wp-block-buttons is-layout-flex wp-block-buttons-is-layout-flex\"><\/div>\n","protected":false},"excerpt":{"rendered":"<p>Por iniciativa dos Mission\u00e1rios Redentoristas e inspirado na implanta\u00e7\u00e3o do Projeto &#8220;Perpet\u00f3leo&#8221;, em Curitiba (PR), em 2013 a C\u00e1ritas Londrina desenvolveu o &#8220;Projeto \u00d3leo Solid\u00e1rio&#8221;, em parceria com as par\u00f3quias da Arquidiocese e tamb\u00e9m com o setor do com\u00e9rcio. Todo o \u00f3leo de cozinha recolhido pelos volunt\u00e1rios da C\u00e1ritas nas par\u00f3quias e com\u00e9rcios parceiros \u00e9 &hellip;<\/p>\n<p class=\"read-more\"> <a class=\"\" href=\"https:\/\/caritaslondrina.com.br\/dese2\/oleo-solidario\/\"> <span class=\"screen-reader-text\">\u00d3leo Solid\u00e1rio<\/span> Leia mais &raquo;<\/a><\/p>\n","protected":false},"author":1,"featured_media":0,"parent":0,"menu_order":0,"comment_status":"closed","ping_status":"closed","template":"","meta":{"_coblocks_attr":"","_coblocks_dimensions":"","_coblocks_responsive_height":"","_coblocks_accordion_ie_support":"","_uag_custom_page_level_css":"","advgb_blocks_editor_width":"","advgb_blocks_columns_visual_guide":"","_mi_skip_tracking":false,"_monsterinsights_sitenote_active":false,"_monsterinsights_sitenote_note":"","_monsterinsights_sitenote_category":0,"site-sidebar-layout":"default","site-content-layout":"default","ast-global-header-display":"","ast-banner-title-visibility":"","ast-main-header-display":"","ast-hfb-above-header-display":"","ast-hfb-below-header-display":"","ast-hfb-mobile-header-display":"","site-post-title":"","ast-breadcrumbs-content":"","ast-featured-img":"","footer-sml-layout":"","theme-transparent-header-meta":"default","adv-header-id-meta":"","stick-header-meta":"","header-above-stick-meta":"","header-main-stick-meta":"","header-below-stick-meta":"","footnotes":""},"class_list":["post-39","page","type-page","status-publish","hentry"],"uagb_featured_image_src":{"full":false,"thumbnail":false,"medium":false,"medium_large":false,"large":false,"1536x1536":false,"2048x2048":false},"uagb_author_info":{"display_name":"admin","author_link":"https:\/\/caritaslondrina.com.br\/dese2\/author\/admin\/"},"uagb_comment_info":0,"uagb_excerpt":"Por iniciativa dos Mission\u00e1rios Redentoristas e inspirado na implanta\u00e7\u00e3o do Projeto &#8220;Perpet\u00f3leo&#8221;, em Curitiba (PR), em 2013 a C\u00e1ritas Londrina desenvolveu o &#8220;Projeto \u00d3leo Solid\u00e1rio&#8221;, em parceria com as par\u00f3quias da Arquidiocese e tamb\u00e9m com o setor do com\u00e9rcio. Todo o \u00f3leo de cozinha recolhido pelos volunt\u00e1rios da C\u00e1ritas nas par\u00f3quias e com\u00e9rcios parceiros \u00e9&hellip;","coauthors":[],"author_meta":{"author_link":"https:\/\/caritaslondrina.com.br\/dese2\/author\/admin\/","display_name":"admin"},"relative_dates":{"created":"Publicado 6 anos atr\u00e1s","modified":"Atualizado 4 anos atr\u00e1s"},"absolute_dates":{"created":"Publicado em 28 de janeiro de 2020","modified":"Atualizado em 22 de agosto de 2022"},"absolute_dates_time":{"created":"Publicado em 28 de janeiro de 2020 11:36 am","modified":"Atualizado em 22 de agosto de 2022 3:01 pm"},"featured_img_caption":"","featured_img":false,"series_order":"","_links":{"self":[{"href":"https:\/\/caritaslondrina.com.br\/dese2\/wp-json\/wp\/v2\/pages\/39","targetHints":{"allow":["GET"]}}],"collection":[{"href":"https:\/\/caritaslondrina.com.br\/dese2\/wp-json\/wp\/v2\/pages"}],"about":[{"href":"https:\/\/caritaslondrina.com.br\/dese2\/wp-json\/wp\/v2\/types\/page"}],"author":[{"embeddable":true,"href":"https:\/\/caritaslondrina.com.br\/dese2\/wp-json\/wp\/v2\/users\/1"}],"replies":[{"embeddable":true,"href":"https:\/\/caritaslondrina.com.br\/dese2\/wp-json\/wp\/v2\/comments?post=39"}],"version-history":[{"count":18,"href":"https:\/\/caritaslondrina.com.br\/dese2\/wp-json\/wp\/v2\/pages\/39\/revisions"}],"predecessor-version":[{"id":1187,"href":"https:\/\/caritaslondrina.com.br\/dese2\/wp-json\/wp\/v2\/pages\/39\/revisions\/1187"}],"wp:attachment":[{"href":"https:\/\/caritaslondrina.com.br\/dese2\/wp-json\/wp\/v2\/media?parent=39"}],"curies":[{"name":"wp","href":"https:\/\/api.w.org\/{rel}","templated":true}]}}

Óleo Solidário

<div class="wp-block-cover is-light advgb-dyn-daf4f4ae" style="min-height:325px;aspect-ratio:unset;"><span aria-hidden="true" class="wp-block-cover__background has-background-dim" style="background-color:#ffffff"></span><img fetchpriority="high" decoding="async" width="2292" height="1667" class="wp-block-cover__image-background wp-image-163" alt="" src="https://caritaslondrina.com.br/dese2/wp-content/uploads/2020/02/fc73b447d0484df986702114be2cc373.png" data-object-fit="cover" srcset="https://caritaslondrina.com.br/dese2/wp-content/uploads/2020/02/fc73b447d0484df986702114be2cc373.png 2292w, https://caritaslondrina.com.br/dese2/wp-content/uploads/2020/02/fc73b447d0484df986702114be2cc373-300x218.png 300w, https://caritaslondrina.com.br/dese2/wp-content/uploads/2020/02/fc73b447d0484df986702114be2cc373-1024x745.png 1024w, https://caritaslondrina.com.br/dese2/wp-content/uploads/2020/02/fc73b447d0484df986702114be2cc373-768x559.png 768w, https://caritaslondrina.com.br/dese2/wp-content/uploads/2020/02/fc73b447d0484df986702114be2cc373-1536x1117.png 1536w, https://caritaslondrina.com.br/dese2/wp-content/uploads/2020/02/fc73b447d0484df986702114be2cc373-2048x1490.png 2048w" sizes="(max-width: 2292px) 100vw, 2292px" /><div class="wp-block-cover__inner-container is-layout-flow wp-block-cover-is-layout-flow">
<p class="has-text-align-center has-large-font-size"></p>
</div></div>



<p></p>



<p class="has-drop-cap">Por iniciativa dos Missionários Redentoristas e inspirado na implantação do Projeto &#8220;Perpetóleo&#8221;, em Curitiba (PR), em 2013 a Cáritas Londrina desenvolveu o &#8220;Projeto Óleo Solidário&#8221;, em parceria com as paróquias da Arquidiocese e também com o setor do comércio.</p>



<p>Todo o óleo de cozinha recolhido pelos voluntários da Cáritas nas paróquias e comércios parceiros é vendido à empresa ITA Resíduos, especializada na gerência do material, que se responsabiliza pelo descarte correto desse resíduo. O valor obtido pela venda do óleo é revertido para os demais projetos mantidos por nossa entidade.</p>



<p>Dentro do Projeto Óleo Solidário, a Cáritas firmou convênio com a Companhia de Saneamento do Paraná (SANEPAR) para a realização de palestras educativas em escolas municipais dando ênfase à importância do descarte correto do óleo e suas diversas utilidades, como por exemplo biodiesel, ração para animais e produtos cosméticos, além de destacar a proteção ao meio ambiente.</p>



<p>Outra parceria firmada pela Cáritas Londrina foi com a empresa Imcopa, que atua na importação de exportação do óleo, onde foi contratado um funcionário para trabalhar exclusivamente no projeto, tendo como função o controle, administração e manutenção dos atuais postos de coleta, além de trabalhar na implantação de novos pontos.</p>



<p>O Projeto Óleo Solidário também se preocupa com os recipientes em que são trazidos o óleo: independente de seu material &#8211; vidro ou PET &#8211; todos são reciclados.</p>



<div class="wp-block-buttons is-layout-flex wp-block-buttons-is-layout-flex"></div>

<p>Por iniciativa dos Missionários Redentoristas e inspirado na implantação do Projeto &#8220;Perpetóleo&#8221;, em Curitiba (PR), em 2013 a Cáritas Londrina desenvolveu o &#8220;Projeto Óleo Solidário&#8221;, em parceria com as paróquias da Arquidiocese e também com o setor do comércio. Todo o óleo de cozinha recolhido pelos voluntários da Cáritas nas paróquias e comércios parceiros é &hellip;</p>
<p class="read-more"> <a class="" href="https://caritaslondrina.com.br/dese2/oleo-solidario/"> <span class="screen-reader-text">Óleo Solidário</span> Leia mais &raquo;</a></p>

Por iniciativa dos Missionários Redentoristas e inspirado na implantação do Projeto &#8220;Perpetóleo&#8221;, em Curitiba (PR), em 2013 a Cáritas Londrina desenvolveu o &#8220;Projeto Óleo Solidário&#8221;, em parceria com as paróquias da Arquidiocese e também com o setor do comércio. Todo o óleo de cozinha recolhido pelos voluntários da Cáritas nas paróquias e comércios parceiros é&hellip;

Publicado 6 anos atrás

Atualizado 4 anos atrás
