{"id":589,"date":"2020-09-28T23:06:30","date_gmt":"2020-09-29T02:06:30","guid":{"rendered":"https:\/\/caritaslondrina.com.br\/dese2\/?page_id=589"},"modified":"2020-09-28T23:06:30","modified_gmt":"2020-09-29T02:06:30","slug":"areas-de-atuacao","status":"publish","type":"page","link":"https:\/\/caritaslondrina.com.br\/dese2\/areas-de-atuacao\/","title":{"rendered":"\u00c1reas de atua\u00e7\u00e3o"},"content":{"rendered":"\n<h2 class=\"wp-block-heading\">Mudan\u00e7as clim\u00e1ticas e gest\u00e3o de riscos<\/h2>\n\n\n\n<p>A C\u00e1ritas promove a\u00e7\u00f5es de solidariedade nacionais e internacionais para o atendimento \u00e0 comunidades afetadas por desastres socioambientais ou que est\u00e3o em situa\u00e7\u00e3o de vulnerabilidade. Bem como, no trabalho para constru\u00e7\u00e3o de comunidades mais seguras e resilientes atrav\u00e9s do Meio Ambiente Gest\u00e3o de Riscos e Emerg\u00eancias (Magre), constitu\u00eddo desde a cria\u00e7\u00e3o da C\u00e1ritas Brasileira.<br><br>O Magre promove e fortalece experi\u00eancias concretas de preven\u00e7\u00e3o, a\u00e7\u00f5es coletivas  e tecnologias sociais, espa\u00e7os de di\u00e1logos, comunica\u00e7\u00e3o e articula\u00e7\u00e3o  com as organiza\u00e7\u00f5es sociais, poder p\u00fablico, sobretudo, fazendo  incid\u00eancia pela defesa e garantia de direitos dos afetados junto aos  espa\u00e7os de atua\u00e7\u00e3o da pol\u00edtica de Prote\u00e7\u00e3o e Defesa Civil e nas  pol\u00edticas que devem ser mais atuantes e efetivas nas situa\u00e7\u00f5es de  desastres e emerg\u00eancias socioambientais: assist\u00eancia social, sa\u00fade,  habita\u00e7\u00e3o, meio ambiente, seguran\u00e7a, educa\u00e7\u00e3o, entre outras.  <\/p>\n\n\n\n<h2 class=\"wp-block-heading\">Migra\u00e7\u00e3o e ref\u00fagio<\/h2>\n\n\n\n<p>A intensifica\u00e7\u00e3o dos fluxos migrat\u00f3rios para o Brasil ocasionou um aumento importante de demandas por servi\u00e7os e pol\u00edticas, especialmente nas pequenas cidades de fronteira onde se concentram pessoas e fam\u00edlias que chegam por estas vias. Nesse contexto, governos, organiza\u00e7\u00f5es da sociedade civil, organismos internacionais, igrejas e outros atores s\u00e3o motivados a estabelecer pol\u00edticas e meios de acolhida para todas as pessoas que migram em graves situa\u00e7\u00f5es de vulnerabilidade. A C\u00e1ritas atua na acolhida, integra\u00e7\u00e3o e prote\u00e7\u00e3o de migrantes e refugiados, por meio de projetos em diversas cidades do Brasil, em sintonia com o posicionamento pastoral do Papa Francisco.<\/p>\n\n\n\n<h2 class=\"wp-block-heading\">Economia Popular Solid\u00e1ria<\/h2>\n\n\n\n<p>A Economia Popular Solid\u00e1ria (EPS) \u00e9 uma estrat\u00e9gia de desenvolvimento sustent\u00e1vel e solid\u00e1rio fundamentado na organiza\u00e7\u00e3o coletiva de trabalhadores e trabalhadoras. \u00c9 uma importante articula\u00e7\u00e3o que integra campo, floresta e cidade na constru\u00e7\u00e3o alternativa de processos coletivos e autogestion\u00e1rios.<\/p>\n\n\n\n<h2 class=\"wp-block-heading\">Inf\u00e2ncia, adolesc\u00eancia e juventudes<\/h2>\n\n\n\n<p>O Programa Inf\u00e2ncia, Adolesc\u00eancia e Juventude (Piaj) atua no campo da prote\u00e7\u00e3o social e defesa dos direitos da inf\u00e2ncia, adolesc\u00eancia e juventude. A C\u00e1ritas acompanha projetos, programas e outras iniciativas territoriais que possibilitem a participa\u00e7\u00e3o desses sujeitos em espa\u00e7os de mobiliza\u00e7\u00e3o.<\/p>\n\n\n\n<h2 class=\"wp-block-heading\">Conviv\u00eancia com os biomas<\/h2>\n\n\n\n<p>A \u00e1rea de Conviv\u00eancias com Biomas busca valorizar e preservar a vida assim com fortalecer as lutas com posicionamentos em defesa dos povos e das comunidades tradicionais. Se insere tanto no contexto global de valoriza\u00e7\u00e3o e preserva\u00e7\u00e3o da vida como na defesa dos povos e das comunidades tradicionais, tendo como perspectiva a prote\u00e7\u00e3o social, a garantia de direitos e a promo\u00e7\u00e3o de acesso a um conjunto de pol\u00edticas p\u00fablicas por parte dos povos inclu\u00eddos em distintos ecossistemas. A conviv\u00eancia com distintos biomas e suas especificidades envolve n\u00e3o somente o aspecto ambiental, mas integra tamb\u00e9m as dimens\u00f5es humanas, sociais, culturais, pol\u00edticas e econ\u00f4micas.<\/p>\n\n\n\n<h2 class=\"wp-block-heading\">Povos e comunidades tradicionais<\/h2>\n\n\n\n<p>A C\u00e1ritas atua junto e contribui com o fortalecimento dos povos e comunidades tradicionais, grupos culturalmente diferenciados e que se reconhecem como tais, atrav\u00e9s do Decreto Federal 6.040\/2000. Estes povos e comunidades constituem aproximadamente cinco milh\u00f5es de brasileiros e ocupam 25% do territ\u00f3rio nacional. Com o intuito de contribuir com o fortalecimento de suas lutas, de suas organiza\u00e7\u00f5es e para que as pol\u00edticas p\u00fablicas cheguem e se concretizam nestes lugares, a C\u00e1ritas vem atuando junto a estes povos e comunidades com profundo respeito \u00e0s suas formas de ser e de existir. <\/p>\n\n\n\n<h2 class=\"wp-block-heading\">Mulheres e equidade de g\u00eanero<\/h2>\n\n\n\n<p>As mulheres s\u00e3o maioria na popula\u00e7\u00e3o brasileira e j\u00e1 representam a maior parte do eleitorado mas, apesar disso, ocupam poucos espa\u00e7os e cargos estrat\u00e9gicos, tanto nos espa\u00e7os corporativos privados, quanto nos espa\u00e7os p\u00fablicos institucionais. T\u00eam sido tamb\u00e9m, historicamente vitimas de viola\u00e7\u00f5es de direitos, a partir de viol\u00eancias baseadas em g\u00eanero, como a viol\u00eancia dom\u00e9stica, o ass\u00e9dio e abuso sexual, al\u00e9m do feminic\u00eddio. H\u00e1 quase duas d\u00e9cadas, a C\u00e1ritas Brasileira, em sintonia com a Rede C\u00e1ritas Internacional, incluiu a transversalidade de g\u00eanero, tanto na din\u00e2mica de organiza\u00e7\u00e3o da institui\u00e7\u00e3o, quanto no desenvolvimento das suas a\u00e7\u00f5es, que majoritariamente s\u00e3o lideradas por mulheres. A institui\u00e7\u00e3o entende e se compromete em denunciar todas as formas de viol\u00eancia e injusti\u00e7a contra mulheres e meninas, al\u00e9m de buscar fortalecer nos ambientes populares e eclesiais, a reflex\u00e3o a respeito do papel e do lugar do feminino nos espa\u00e7os de gest\u00e3o e inst\u00e2ncias de decis\u00e3o. <\/p>\n\n\n\n<h2 class=\"wp-block-heading\">Seguran\u00e7a Alimentar e Nutricional<\/h2>\n\n\n\n<p>A alimenta\u00e7\u00e3o \u00e9 um direito inalien\u00e1vel. A garantia de uma alimenta\u00e7\u00e3o adequada e saud\u00e1vel \u00e9 condi\u00e7\u00e3o fundamental para uma vida digna e para o bem estar coletivo. Diante desse cen\u00e1rio, a C\u00e1ritas  desenvolve a\u00e7\u00f5es junto a grupos e comunidades em situa\u00e7\u00e3o de vulnerabilidade para que atuem no fortalecimento e na garantia das pol\u00edticas p\u00fablicas de seguran\u00e7a alimentar e nutricional. Al\u00e9m disso, tamb\u00e9m s\u00e3o desenvolvidas a\u00e7\u00f5es de apoio \u00e0 agricultura familiar em acampamentos e assentamentos da reforma agr\u00e1ria. A entidade assessora grupos e comunidades de camponeses\/as na forma\u00e7\u00e3o de h\u00e1bitos alimentares saud\u00e1veis no cultivo de hortas medicinais e plantios agroecol\u00f3gicos, na cria\u00e7\u00e3o de pequenos animais, no acesso ao cr\u00e9dito e na gest\u00e3o de fundos rotativos solid\u00e1rios, entre outras iniciativas de produ\u00e7\u00e3o coletivas e autogestionadas. <\/p>\n\n\n\n<h2 class=\"wp-block-heading\">Mundo Urbano<\/h2>\n\n\n\n<p>O direito de habitar, usar e participar da produ\u00e7\u00e3o de cidades justas, inclusivas, democr\u00e1ticas e sustent\u00e1veis \u00e9 uma conquista coletiva da qual s\u00e3o benefici\u00e1rias e titulares todos os habitantes da cidade, das gera\u00e7\u00f5es presentes e futuras. Falar em direito \u00e0 cidade \u00e9 tamb\u00e9m lutar pela garantia e promo\u00e7\u00e3o dos direitos humanos, nos quais est\u00e3o inseridos os direitos civis, sociais, econ\u00f4micos e culturais reconhecidos internacionalmente. O Estatuto da Cidade (lei 10.257\/2001) refor\u00e7ou a import\u00e2ncia dos planos diretores como principal instrumento de efetiva\u00e7\u00e3o do direito \u00e0 cidade e criou diversos institutos jur\u00eddicos e pol\u00edticos, visando combater processos promotores das desigualdades urbanas. No documento, o direito a cidades sustent\u00e1veis \u00e9 compreendido como \u201co direito \u00e0 terra urbana, \u00e0 moradia, ao saneamento ambiental, \u00e0 infraestrutura urbana, ao transporte e aos servi\u00e7os p\u00fablicos, ao trabalho e ao lazer, para as presentes e futuras gera\u00e7\u00f5es\u201d (art. 2\u00ba , inciso I).<\/p>\n\n\n\n<h2 class=\"wp-block-heading\">Gest\u00e3o de res\u00edduos s\u00f3lidos, com \u00eanfase em catadores\/as<\/h2>\n\n\n\n<p>O trabalho da C\u00e1ritas com catadores e catadoras de materiais recicl\u00e1veis, al\u00e9m de valorizar esses sujeitos, contribui de forma significativa para a supera\u00e7\u00e3o da pobreza e da exclus\u00e3o deste segmento da popula\u00e7\u00e3o. A entidade assessora grupos informais na forma\u00e7\u00e3o de cooperativas e associa\u00e7\u00f5es, na organiza\u00e7\u00e3o dos processos de trabalho e em aquisi\u00e7\u00f5es como: galp\u00e3o para estocar os materiais coletados, equipamentos de prote\u00e7\u00e3o individual e maquin\u00e1rios. Atua tamb\u00e9m pela inser\u00e7\u00e3o deste sujeito social nos processos de gest\u00e3o de pol\u00edticas locais de gerenciamento dos res\u00edduos s\u00f3lidos, fortalecendo sua participa\u00e7\u00e3o na elabora\u00e7\u00e3o de planos estaduais e municipais. <\/p>\n\n\n\n<h2 class=\"wp-block-heading\">Voluntariado<\/h2>\n\n\n\n<p>O Voluntariado assume a tarefa de combinar os esfor\u00e7os de diversas pessoas que doam seu tempo e talento em v\u00e1rias causas sociais. A a\u00e7\u00e3o volunt\u00e1ria \u00e9 dirigida para a efetiva\u00e7\u00e3o dos referenciais institucionais da Rede C\u00e1ritas e da Pastoral Social da Igreja, junto com os Objetivos de Desenvolvimento Sustent\u00e1vel (ODS), contribui para construir uma vida melhor para as pessoas e colabora com a mobiliza\u00e7\u00e3o de pessoas em esfor\u00e7os comuns, a fim de potencializar boas pr\u00e1ticas de transforma\u00e7\u00e3o social.<\/p>\n\n\n\n<h2 class=\"wp-block-heading\">Forma\u00e7\u00e3o<\/h2>\n\n\n\n<p>Historicamente, a Forma\u00e7\u00e3o tem grande relev\u00e2ncia na caminhada da C\u00e1ritas, tornando-se ferramenta importante no seu processo organizativo e de gest\u00e3o. A compreens\u00e3o da realidade, metodologias permeadas pela viv\u00eancia da a\u00e7\u00e3o libertadora comprometida com a transforma\u00e7\u00e3o social, a perspectiva de processos participativos e emancipat\u00f3rios numa perspectiva humana integral, foram sendo percebidos ao longo da caminhada, enquanto elementos estruturadores do processo formativo na institui\u00e7\u00e3o. <\/p>\n\n\n\n<p><em>Refer\u00eancia: <a href=\"http:\/\/caritas.org.br\/area-de-atuacao\">C\u00e1ritas Brasil<\/a><\/em><\/p>\n","protected":false},"excerpt":{"rendered":"<p>Mudan\u00e7as clim\u00e1ticas e gest\u00e3o de riscos A C\u00e1ritas promove a\u00e7\u00f5es de solidariedade nacionais e internacionais para o atendimento \u00e0 comunidades afetadas por desastres socioambientais ou que est\u00e3o em situa\u00e7\u00e3o de vulnerabilidade. Bem como, no trabalho para constru\u00e7\u00e3o de comunidades mais seguras e resilientes atrav\u00e9s do Meio Ambiente Gest\u00e3o de Riscos e Emerg\u00eancias (Magre), constitu\u00eddo desde &hellip;<\/p>\n<p class=\"read-more\"> <a class=\"\" href=\"https:\/\/caritaslondrina.com.br\/dese2\/areas-de-atuacao\/\"> <span class=\"screen-reader-text\">\u00c1reas de atua\u00e7\u00e3o<\/span> Leia mais &raquo;<\/a><\/p>\n","protected":false},"author":4,"featured_media":0,"parent":0,"menu_order":0,"comment_status":"closed","ping_status":"closed","template":"","meta":{"_coblocks_attr":"","_coblocks_dimensions":"","_coblocks_responsive_height":"","_coblocks_accordion_ie_support":"","_uag_custom_page_level_css":"","advgb_blocks_editor_width":"","advgb_blocks_columns_visual_guide":"","_mi_skip_tracking":false,"_monsterinsights_sitenote_active":false,"_monsterinsights_sitenote_note":"","_monsterinsights_sitenote_category":0,"site-sidebar-layout":"default","site-content-layout":"default","ast-global-header-display":"","ast-banner-title-visibility":"","ast-main-header-display":"","ast-hfb-above-header-display":"","ast-hfb-below-header-display":"","ast-hfb-mobile-header-display":"","site-post-title":"","ast-breadcrumbs-content":"","ast-featured-img":"","footer-sml-layout":"","theme-transparent-header-meta":"","adv-header-id-meta":"","stick-header-meta":"","header-above-stick-meta":"","header-main-stick-meta":"","header-below-stick-meta":"","footnotes":""},"class_list":["post-589","page","type-page","status-publish","hentry"],"uagb_featured_image_src":{"full":false,"thumbnail":false,"medium":false,"medium_large":false,"large":false,"1536x1536":false,"2048x2048":false},"uagb_author_info":{"display_name":"Fellipe Tereska","author_link":"https:\/\/caritaslondrina.com.br\/dese2\/author\/fellipe-tereska\/"},"uagb_comment_info":0,"uagb_excerpt":"Mudan\u00e7as clim\u00e1ticas e gest\u00e3o de riscos A C\u00e1ritas promove a\u00e7\u00f5es de solidariedade nacionais e internacionais para o atendimento \u00e0 comunidades afetadas por desastres socioambientais ou que est\u00e3o em situa\u00e7\u00e3o de vulnerabilidade. Bem como, no trabalho para constru\u00e7\u00e3o de comunidades mais seguras e resilientes atrav\u00e9s do Meio Ambiente Gest\u00e3o de Riscos e Emerg\u00eancias (Magre), constitu\u00eddo desde&hellip;","coauthors":[],"author_meta":{"author_link":"https:\/\/caritaslondrina.com.br\/dese2\/author\/fellipe-tereska\/","display_name":"Fellipe Tereska"},"relative_dates":{"created":"Publicado 6 anos atr\u00e1s","modified":"Atualizado 6 anos atr\u00e1s"},"absolute_dates":{"created":"Publicado em 28 de setembro de 2020","modified":"Atualizado em 28 de setembro de 2020"},"absolute_dates_time":{"created":"Publicado em 28 de setembro de 2020 11:06 pm","modified":"Atualizado em 28 de setembro de 2020 11:06 pm"},"featured_img_caption":"","featured_img":false,"series_order":"","_links":{"self":[{"href":"https:\/\/caritaslondrina.com.br\/dese2\/wp-json\/wp\/v2\/pages\/589","targetHints":{"allow":["GET"]}}],"collection":[{"href":"https:\/\/caritaslondrina.com.br\/dese2\/wp-json\/wp\/v2\/pages"}],"about":[{"href":"https:\/\/caritaslondrina.com.br\/dese2\/wp-json\/wp\/v2\/types\/page"}],"author":[{"embeddable":true,"href":"https:\/\/caritaslondrina.com.br\/dese2\/wp-json\/wp\/v2\/users\/4"}],"replies":[{"embeddable":true,"href":"https:\/\/caritaslondrina.com.br\/dese2\/wp-json\/wp\/v2\/comments?post=589"}],"version-history":[{"count":2,"href":"https:\/\/caritaslondrina.com.br\/dese2\/wp-json\/wp\/v2\/pages\/589\/revisions"}],"predecessor-version":[{"id":591,"href":"https:\/\/caritaslondrina.com.br\/dese2\/wp-json\/wp\/v2\/pages\/589\/revisions\/591"}],"wp:attachment":[{"href":"https:\/\/caritaslondrina.com.br\/dese2\/wp-json\/wp\/v2\/media?parent=589"}],"curies":[{"name":"wp","href":"https:\/\/api.w.org\/{rel}","templated":true}]}}