{"id":599,"date":"2020-10-06T22:41:41","date_gmt":"2020-10-07T01:41:41","guid":{"rendered":"https:\/\/caritaslondrina.com.br\/dese2\/?page_id=599"},"modified":"2020-10-13T18:49:33","modified_gmt":"2020-10-13T21:49:33","slug":"decada-de-1960","status":"publish","type":"page","link":"https:\/\/caritaslondrina.com.br\/dese2\/decada-de-1960\/","title":{"rendered":"1964-1969"},"content":{"rendered":"\n<div class=\"wp-block-group\"><div class=\"wp-block-group__inner-container is-layout-flow wp-block-group-is-layout-flow\">\n<p><strong>Campanha da Fraternidade 1964<\/strong><br><strong>Tema:<\/strong> Igreja em renova\u00e7\u00e3o<br><strong>Lema:<\/strong> Lembre-se: voc\u00ea tamb\u00e9m \u00e9 Igreja<\/p>\n<\/div><\/div>\n\n\n\n<p><strong>Campanha da Fraternidade 1965<\/strong><br><strong>Tema:<\/strong> Igreja em renova\u00e7\u00e3o<br><strong>Lema:<\/strong>  Fa\u00e7a da sua par\u00f3quia uma comunidade de f\u00e9, culto e amor<\/p>\n\n\n\n<p><strong>Campanha da Fraternidade 1966<\/strong><br><strong>Tema:<\/strong> Fraternidade<br><strong>Lema:<\/strong> Somos respons\u00e1veis uns pelos outros<\/p>\n\n\n\n<p><strong>Campanha da Fraternidade 1967<\/strong><br><strong>Tema:<\/strong> Corresponsabilidade<br><strong>Lema:<\/strong> Somos todos iguais, somos todos irm\u00e3os<\/p>\n\n\n\n<p><strong>Campanha da Fraternidade 1968<\/strong><br><strong>Tema:<\/strong> Doa\u00e7\u00e3o<br><strong>Lema:<\/strong> Crer com as m\u00e3os<\/p>\n\n\n\n<p><strong>Campanha da Fraternidade 1969<\/strong><br><strong>Tema:<\/strong> Fraternidade<br><strong>Lema:<\/strong> Para o outro, o pr\u00f3ximo \u00e9 voc\u00ea<\/p>\n\n\n\n<div class=\"wp-block-group\"><div class=\"wp-block-group__inner-container is-layout-flow wp-block-group-is-layout-flow\">\n<div class=\"wp-block-group\"><div class=\"wp-block-group__inner-container is-layout-flow wp-block-group-is-layout-flow\">\n<p> <\/p>\n<\/div><\/div>\n<\/div><\/div>\n\n\n\n<div class=\"wp-block-group\"><div class=\"wp-block-group__inner-container is-layout-flow wp-block-group-is-layout-flow\">\n<figure class=\"wp-block-gallery columns-3 is-cropped wp-block-gallery-1\"><ul class=\"blocks-gallery-grid\"><li class=\"blocks-gallery-item\"><figure><img decoding=\"async\" width=\"150\" height=\"188\" src=\"https:\/\/caritaslondrina.com.br\/dese2\/wp-content\/uploads\/2020\/10\/1964-e1602037307588.jpg\" alt=\"\" data-id=\"624\" data-full-url=\"https:\/\/caritaslondrina.com.br\/dese2\/wp-content\/uploads\/2020\/10\/1964-e1602037307588.jpg\" data-link=\"https:\/\/caritaslondrina.com.br\/dese2\/decada-de-1960\/attachment\/1964\/\" class=\"wp-image-624\"\/><figcaption class=\"blocks-gallery-item__caption\">CF 1964 &#8211; CNBB<\/figcaption><\/figure><\/li><li class=\"blocks-gallery-item\"><figure><img fetchpriority=\"high\" decoding=\"async\" width=\"350\" height=\"438\" src=\"https:\/\/caritaslondrina.com.br\/dese2\/wp-content\/uploads\/2020\/10\/1965.jpg\" alt=\"\" data-id=\"625\" data-full-url=\"https:\/\/caritaslondrina.com.br\/dese2\/wp-content\/uploads\/2020\/10\/1965.jpg\" data-link=\"https:\/\/caritaslondrina.com.br\/dese2\/decada-de-1960\/attachment\/1965\/\" class=\"wp-image-625\" srcset=\"https:\/\/caritaslondrina.com.br\/dese2\/wp-content\/uploads\/2020\/10\/1965.jpg 350w, https:\/\/caritaslondrina.com.br\/dese2\/wp-content\/uploads\/2020\/10\/1965-240x300.jpg 240w\" sizes=\"(max-width: 350px) 100vw, 350px\" \/><figcaption class=\"blocks-gallery-item__caption\">CF 1965 &#8211; CNBB<\/figcaption><\/figure><\/li><li class=\"blocks-gallery-item\"><figure><img decoding=\"async\" width=\"350\" height=\"438\" src=\"https:\/\/caritaslondrina.com.br\/dese2\/wp-content\/uploads\/2020\/10\/1966.jpg\" alt=\"\" data-id=\"626\" data-full-url=\"https:\/\/caritaslondrina.com.br\/dese2\/wp-content\/uploads\/2020\/10\/1966.jpg\" data-link=\"https:\/\/caritaslondrina.com.br\/dese2\/decada-de-1960\/attachment\/1966\/\" class=\"wp-image-626\" srcset=\"https:\/\/caritaslondrina.com.br\/dese2\/wp-content\/uploads\/2020\/10\/1966.jpg 350w, https:\/\/caritaslondrina.com.br\/dese2\/wp-content\/uploads\/2020\/10\/1966-240x300.jpg 240w\" sizes=\"(max-width: 350px) 100vw, 350px\" \/><figcaption class=\"blocks-gallery-item__caption\">CF 1966 &#8211; CNBB<\/figcaption><\/figure><\/li><li class=\"blocks-gallery-item\"><figure><img loading=\"lazy\" decoding=\"async\" width=\"350\" height=\"438\" src=\"https:\/\/caritaslondrina.com.br\/dese2\/wp-content\/uploads\/2020\/10\/1967.jpg\" alt=\"\" data-id=\"627\" data-full-url=\"https:\/\/caritaslondrina.com.br\/dese2\/wp-content\/uploads\/2020\/10\/1967.jpg\" data-link=\"https:\/\/caritaslondrina.com.br\/dese2\/decada-de-1960\/attachment\/1967\/\" class=\"wp-image-627\" srcset=\"https:\/\/caritaslondrina.com.br\/dese2\/wp-content\/uploads\/2020\/10\/1967.jpg 350w, https:\/\/caritaslondrina.com.br\/dese2\/wp-content\/uploads\/2020\/10\/1967-240x300.jpg 240w\" sizes=\"(max-width: 350px) 100vw, 350px\" \/><figcaption class=\"blocks-gallery-item__caption\">CF 1967 &#8211; CNBB<\/figcaption><\/figure><\/li><li class=\"blocks-gallery-item\"><figure><img loading=\"lazy\" decoding=\"async\" width=\"350\" height=\"438\" src=\"https:\/\/caritaslondrina.com.br\/dese2\/wp-content\/uploads\/2020\/10\/1968.jpg\" alt=\"\" data-id=\"628\" data-full-url=\"https:\/\/caritaslondrina.com.br\/dese2\/wp-content\/uploads\/2020\/10\/1968.jpg\" data-link=\"https:\/\/caritaslondrina.com.br\/dese2\/decada-de-1960\/attachment\/1968\/\" class=\"wp-image-628\" srcset=\"https:\/\/caritaslondrina.com.br\/dese2\/wp-content\/uploads\/2020\/10\/1968.jpg 350w, https:\/\/caritaslondrina.com.br\/dese2\/wp-content\/uploads\/2020\/10\/1968-240x300.jpg 240w\" sizes=\"(max-width: 350px) 100vw, 350px\" \/><figcaption class=\"blocks-gallery-item__caption\">CF 1968 &#8211; CNBB<\/figcaption><\/figure><\/li><li class=\"blocks-gallery-item\"><figure><img loading=\"lazy\" decoding=\"async\" width=\"350\" height=\"438\" src=\"https:\/\/caritaslondrina.com.br\/dese2\/wp-content\/uploads\/2020\/10\/1969.jpg\" alt=\"\" data-id=\"629\" data-full-url=\"https:\/\/caritaslondrina.com.br\/dese2\/wp-content\/uploads\/2020\/10\/1969.jpg\" data-link=\"https:\/\/caritaslondrina.com.br\/dese2\/decada-de-1960\/attachment\/1969\/\" class=\"wp-image-629\" srcset=\"https:\/\/caritaslondrina.com.br\/dese2\/wp-content\/uploads\/2020\/10\/1969.jpg 350w, https:\/\/caritaslondrina.com.br\/dese2\/wp-content\/uploads\/2020\/10\/1969-240x300.jpg 240w\" sizes=\"(max-width: 350px) 100vw, 350px\" \/><figcaption class=\"blocks-gallery-item__caption\">CF 1969 &#8211; CNBB<\/figcaption><\/figure><\/li><\/ul><figcaption class=\"blocks-gallery-caption is-layout-flex wp-block-gallery-is-layout-flex\">Banners das Campanhas da Fraternidade de 1964 \u00e0 1969\/Reprodu\u00e7\u00e3o CNBB<\/figcaption><\/figure>\n<\/div><\/div>\n","protected":false},"excerpt":{"rendered":"<p>Campanha da Fraternidade 1964Tema: Igreja em renova\u00e7\u00e3oLema: Lembre-se: voc\u00ea tamb\u00e9m \u00e9 Igreja Campanha da Fraternidade 1965Tema: Igreja em renova\u00e7\u00e3oLema: Fa\u00e7a da sua par\u00f3quia uma comunidade de f\u00e9, culto e amor Campanha da Fraternidade 1966Tema: FraternidadeLema: Somos respons\u00e1veis uns pelos outros Campanha da Fraternidade 1967Tema: CorresponsabilidadeLema: Somos todos iguais, somos todos irm\u00e3os Campanha da Fraternidade 1968Tema: &hellip;<\/p>\n<p class=\"read-more\"> <a class=\"\" href=\"https:\/\/caritaslondrina.com.br\/dese2\/decada-de-1960\/\"> <span class=\"screen-reader-text\">1964-1969<\/span> Leia mais &raquo;<\/a><\/p>\n","protected":false},"author":4,"featured_media":0,"parent":0,"menu_order":0,"comment_status":"closed","ping_status":"closed","template":"","meta":{"_coblocks_attr":"","_coblocks_dimensions":"","_coblocks_responsive_height":"","_coblocks_accordion_ie_support":"","_uag_custom_page_level_css":"","advgb_blocks_editor_width":"","advgb_blocks_columns_visual_guide":"","_mi_skip_tracking":false,"_monsterinsights_sitenote_active":false,"_monsterinsights_sitenote_note":"","_monsterinsights_sitenote_category":0,"site-sidebar-layout":"default","site-content-layout":"default","ast-global-header-display":"","ast-banner-title-visibility":"","ast-main-header-display":"","ast-hfb-above-header-display":"","ast-hfb-below-header-display":"","ast-hfb-mobile-header-display":"","site-post-title":"","ast-breadcrumbs-content":"","ast-featured-img":"","footer-sml-layout":"","theme-transparent-header-meta":"default","adv-header-id-meta":"","stick-header-meta":"","header-above-stick-meta":"","header-main-stick-meta":"","header-below-stick-meta":"","footnotes":""},"class_list":["post-599","page","type-page","status-publish","hentry"],"uagb_featured_image_src":{"full":false,"thumbnail":false,"medium":false,"medium_large":false,"large":false,"1536x1536":false,"2048x2048":false},"uagb_author_info":{"display_name":"Fellipe Tereska","author_link":"https:\/\/caritaslondrina.com.br\/dese2\/author\/fellipe-tereska\/"},"uagb_comment_info":0,"uagb_excerpt":"Campanha da Fraternidade 1964Tema: Igreja em renova\u00e7\u00e3oLema: Lembre-se: voc\u00ea tamb\u00e9m \u00e9 Igreja Campanha da Fraternidade 1965Tema: Igreja em renova\u00e7\u00e3oLema: Fa\u00e7a da sua par\u00f3quia uma comunidade de f\u00e9, culto e amor Campanha da Fraternidade 1966Tema: FraternidadeLema: Somos respons\u00e1veis uns pelos outros Campanha da Fraternidade 1967Tema: CorresponsabilidadeLema: Somos todos iguais, somos todos irm\u00e3os Campanha da Fraternidade 1968Tema:&hellip;","coauthors":[],"author_meta":{"author_link":"https:\/\/caritaslondrina.com.br\/dese2\/author\/fellipe-tereska\/","display_name":"Fellipe Tereska"},"relative_dates":{"created":"Publicado 6 anos atr\u00e1s","modified":"Atualizado 6 anos atr\u00e1s"},"absolute_dates":{"created":"Publicado em 6 de outubro de 2020","modified":"Atualizado em 13 de outubro de 2020"},"absolute_dates_time":{"created":"Publicado em 6 de outubro de 2020 10:41 pm","modified":"Atualizado em 13 de outubro de 2020 6:49 pm"},"featured_img_caption":"","featured_img":false,"series_order":"","_links":{"self":[{"href":"https:\/\/caritaslondrina.com.br\/dese2\/wp-json\/wp\/v2\/pages\/599","targetHints":{"allow":["GET"]}}],"collection":[{"href":"https:\/\/caritaslondrina.com.br\/dese2\/wp-json\/wp\/v2\/pages"}],"about":[{"href":"https:\/\/caritaslondrina.com.br\/dese2\/wp-json\/wp\/v2\/types\/page"}],"author":[{"embeddable":true,"href":"https:\/\/caritaslondrina.com.br\/dese2\/wp-json\/wp\/v2\/users\/4"}],"replies":[{"embeddable":true,"href":"https:\/\/caritaslondrina.com.br\/dese2\/wp-json\/wp\/v2\/comments?post=599"}],"version-history":[{"count":6,"href":"https:\/\/caritaslondrina.com.br\/dese2\/wp-json\/wp\/v2\/pages\/599\/revisions"}],"predecessor-version":[{"id":648,"href":"https:\/\/caritaslondrina.com.br\/dese2\/wp-json\/wp\/v2\/pages\/599\/revisions\/648"}],"wp:attachment":[{"href":"https:\/\/caritaslondrina.com.br\/dese2\/wp-json\/wp\/v2\/media?parent=599"}],"curies":[{"name":"wp","href":"https:\/\/api.w.org\/{rel}","templated":true}]}}