{"id":610,"date":"2020-10-06T22:44:11","date_gmt":"2020-10-07T01:44:11","guid":{"rendered":"https:\/\/caritaslondrina.com.br\/dese2\/?page_id=610"},"modified":"2020-10-13T19:24:59","modified_gmt":"2020-10-13T22:24:59","slug":"decada-de-2010","status":"publish","type":"page","link":"https:\/\/caritaslondrina.com.br\/dese2\/decada-de-2010\/","title":{"rendered":"2010-2019"},"content":{"rendered":"\n<p>  <strong>Campanha da Fraternidade 2010<\/strong><br><strong>Tema:<\/strong> Economia e Vida<br><strong>Lema:<\/strong>  &#8220;Voc\u00eas n\u00e3o podem servir a Deus e ao dinheiro&#8221; (Mt 6,24)<\/p>\n\n\n\n<p> <strong>Campanha da Fraternidade 2011<\/strong><br><strong>Tema:<\/strong> Fraternidade e a Vida no Planeta<br><strong>Lema:<\/strong> &#8220;A cria\u00e7\u00e3o geme em dores e parto&#8221; (Rm 8,22)<\/p>\n\n\n\n<p> <strong>Campanha da Fraternidade 2012<\/strong><br><strong>Tema:<\/strong> Fraternidade e Sa\u00fade P\u00fablica<br><strong>Lema:<\/strong> &#8220;Que a sa\u00fade se difunda sobre a Terra&#8221; (cf. Eclo 38,8)  <\/p>\n\n\n\n<p> <strong>Campanha da Fraternidade 2013<\/strong><br><strong>Tema:<\/strong> Fraternidade e Juventude<br><strong>Lema:<\/strong> &#8220;Eis-me aqui, envia-me!&#8221; (Is 6,8)<\/p>\n\n\n\n<p> <strong>Campanha da Fraternidade 2014<\/strong><br><strong>Tema:<\/strong> Fraternidade e Tr\u00e1fico Humano<br><strong>Lema:<\/strong> &#8220;\u00c9 para a liberdade que Cristo nos libertou&#8221; (Gl 5,1)   <\/p>\n\n\n\n<p> <strong>Campanha da Fraternidade 2015<\/strong><br><strong>Tema:<\/strong> Fraternidade: Igreja e Sociedade&#8221;<br><strong>Lema:<\/strong> &#8220;Eu vim para servir&#8221; (Mc 10,45)   <\/p>\n\n\n\n<p> <strong>Campanha da Fraternidade 2016<\/strong><br><strong>Tema:<\/strong> Casa Comum, nossa responsabilidade<br><strong>Lema: <\/strong>&#8220;Quero ver o direito brotar como fonte e correr a justi\u00e7a qual riacho que n\u00e3o seca&#8221; (Am 5,24)   <\/p>\n\n\n\n<p> <strong>Campanha da Fraternidade 2017<\/strong><br><strong>Tema:<\/strong> Biomas brasileiros e defesa da vida<br><strong>Lema:<\/strong> &#8220;Cultivar e guardar a cria\u00e7\u00e3o&#8221; (Gn 2,15)  <\/p>\n\n\n\n<p> <strong>Campanha da Fraternidade 2018<\/strong><br><strong>Tema:<\/strong> Fraternidade e a supera\u00e7\u00e3o da viol\u00eancia<br><strong>Lema:<\/strong>  &#8220;V\u00f3s sois todos irm\u00e3os&#8221; (Mt 23,8)<\/p>\n\n\n\n<p> <strong>Campanha da Fraternidade 2019<\/strong><br><strong>Tema:<\/strong> Fraternidade e pol\u00edticas p\u00fablicas<br><strong>Lema:<\/strong>   &#8220;Ser\u00e1s libertado pelo direito e pela justi\u00e7a&#8221; (Is 1,27)<\/p>\n\n\n\n<div class=\"wp-block-group\"><div class=\"wp-block-group__inner-container is-layout-flow wp-block-group-is-layout-flow\">\n<figure class=\"wp-block-gallery columns-3 is-cropped wp-block-gallery-1\"><ul class=\"blocks-gallery-grid\"><li class=\"blocks-gallery-item\"><figure><img fetchpriority=\"high\" decoding=\"async\" width=\"350\" height=\"437\" src=\"https:\/\/caritaslondrina.com.br\/dese2\/wp-content\/uploads\/2020\/10\/2010.jpg\" alt=\"\" data-id=\"697\" data-full-url=\"https:\/\/caritaslondrina.com.br\/dese2\/wp-content\/uploads\/2020\/10\/2010.jpg\" data-link=\"https:\/\/caritaslondrina.com.br\/dese2\/decada-de-2010\/attachment\/2010\/\" class=\"wp-image-697\" srcset=\"https:\/\/caritaslondrina.com.br\/dese2\/wp-content\/uploads\/2020\/10\/2010.jpg 350w, https:\/\/caritaslondrina.com.br\/dese2\/wp-content\/uploads\/2020\/10\/2010-240x300.jpg 240w\" sizes=\"(max-width: 350px) 100vw, 350px\" \/><figcaption class=\"blocks-gallery-item__caption\">CF &#8211; 2010<\/figcaption><\/figure><\/li><li class=\"blocks-gallery-item\"><figure><img decoding=\"async\" width=\"190\" height=\"265\" src=\"https:\/\/caritaslondrina.com.br\/dese2\/wp-content\/uploads\/2020\/10\/2011.jpg\" alt=\"\" data-id=\"698\" data-full-url=\"https:\/\/caritaslondrina.com.br\/dese2\/wp-content\/uploads\/2020\/10\/2011.jpg\" data-link=\"https:\/\/caritaslondrina.com.br\/dese2\/decada-de-2010\/attachment\/2011\/\" class=\"wp-image-698\"\/><figcaption class=\"blocks-gallery-item__caption\">CF &#8211; 2011<\/figcaption><\/figure><\/li><li class=\"blocks-gallery-item\"><figure><img decoding=\"async\" width=\"715\" height=\"1024\" src=\"https:\/\/caritaslondrina.com.br\/dese2\/wp-content\/uploads\/2020\/10\/2012-715x1024.jpg\" alt=\"\" data-id=\"699\" data-full-url=\"https:\/\/caritaslondrina.com.br\/dese2\/wp-content\/uploads\/2020\/10\/2012-scaled.jpg\" data-link=\"https:\/\/caritaslondrina.com.br\/dese2\/decada-de-2010\/cartaz_pqueno-21-x-30-final\/\" class=\"wp-image-699\" srcset=\"https:\/\/caritaslondrina.com.br\/dese2\/wp-content\/uploads\/2020\/10\/2012-715x1024.jpg 715w, https:\/\/caritaslondrina.com.br\/dese2\/wp-content\/uploads\/2020\/10\/2012-210x300.jpg 210w, https:\/\/caritaslondrina.com.br\/dese2\/wp-content\/uploads\/2020\/10\/2012-768x1099.jpg 768w, https:\/\/caritaslondrina.com.br\/dese2\/wp-content\/uploads\/2020\/10\/2012-1073x1536.jpg 1073w, https:\/\/caritaslondrina.com.br\/dese2\/wp-content\/uploads\/2020\/10\/2012-1431x2048.jpg 1431w, https:\/\/caritaslondrina.com.br\/dese2\/wp-content\/uploads\/2020\/10\/2012-scaled.jpg 1788w\" sizes=\"(max-width: 715px) 100vw, 715px\" \/><figcaption class=\"blocks-gallery-item__caption\">CF &#8211; 2012<\/figcaption><\/figure><\/li><li class=\"blocks-gallery-item\"><figure><img loading=\"lazy\" decoding=\"async\" width=\"737\" height=\"1024\" src=\"https:\/\/caritaslondrina.com.br\/dese2\/wp-content\/uploads\/2020\/10\/2013-737x1024.jpg\" alt=\"\" data-id=\"701\" data-full-url=\"https:\/\/caritaslondrina.com.br\/dese2\/wp-content\/uploads\/2020\/10\/2013.jpg\" data-link=\"https:\/\/caritaslondrina.com.br\/dese2\/decada-de-2010\/attachment\/2013\/\" class=\"wp-image-701\" srcset=\"https:\/\/caritaslondrina.com.br\/dese2\/wp-content\/uploads\/2020\/10\/2013-737x1024.jpg 737w, https:\/\/caritaslondrina.com.br\/dese2\/wp-content\/uploads\/2020\/10\/2013-216x300.jpg 216w, https:\/\/caritaslondrina.com.br\/dese2\/wp-content\/uploads\/2020\/10\/2013-768x1068.jpg 768w, https:\/\/caritaslondrina.com.br\/dese2\/wp-content\/uploads\/2020\/10\/2013-1105x1536.jpg 1105w, https:\/\/caritaslondrina.com.br\/dese2\/wp-content\/uploads\/2020\/10\/2013.jpg 1151w\" sizes=\"(max-width: 737px) 100vw, 737px\" \/><figcaption class=\"blocks-gallery-item__caption\">CF &#8211; 2013<\/figcaption><\/figure><\/li><li class=\"blocks-gallery-item\"><figure><img loading=\"lazy\" decoding=\"async\" width=\"714\" height=\"1024\" src=\"https:\/\/caritaslondrina.com.br\/dese2\/wp-content\/uploads\/2020\/10\/2014-714x1024.jpg\" alt=\"\" data-id=\"702\" data-full-url=\"https:\/\/caritaslondrina.com.br\/dese2\/wp-content\/uploads\/2020\/10\/2014.jpg\" data-link=\"https:\/\/caritaslondrina.com.br\/dese2\/decada-de-2010\/attachment\/2014\/\" class=\"wp-image-702\" srcset=\"https:\/\/caritaslondrina.com.br\/dese2\/wp-content\/uploads\/2020\/10\/2014-714x1024.jpg 714w, https:\/\/caritaslondrina.com.br\/dese2\/wp-content\/uploads\/2020\/10\/2014-209x300.jpg 209w, https:\/\/caritaslondrina.com.br\/dese2\/wp-content\/uploads\/2020\/10\/2014-768x1101.jpg 768w, https:\/\/caritaslondrina.com.br\/dese2\/wp-content\/uploads\/2020\/10\/2014.jpg 800w\" sizes=\"(max-width: 714px) 100vw, 714px\" \/><figcaption class=\"blocks-gallery-item__caption\">CF &#8211; 2014<\/figcaption><\/figure><\/li><li class=\"blocks-gallery-item\"><figure><img loading=\"lazy\" decoding=\"async\" width=\"350\" height=\"488\" src=\"https:\/\/caritaslondrina.com.br\/dese2\/wp-content\/uploads\/2020\/10\/2015.jpg\" alt=\"\" data-id=\"703\" data-full-url=\"https:\/\/caritaslondrina.com.br\/dese2\/wp-content\/uploads\/2020\/10\/2015.jpg\" data-link=\"https:\/\/caritaslondrina.com.br\/dese2\/decada-de-2010\/attachment\/2015\/\" class=\"wp-image-703\" srcset=\"https:\/\/caritaslondrina.com.br\/dese2\/wp-content\/uploads\/2020\/10\/2015.jpg 350w, https:\/\/caritaslondrina.com.br\/dese2\/wp-content\/uploads\/2020\/10\/2015-215x300.jpg 215w\" sizes=\"(max-width: 350px) 100vw, 350px\" \/><figcaption class=\"blocks-gallery-item__caption\">CF &#8211; 2015<\/figcaption><\/figure><\/li><li class=\"blocks-gallery-item\"><figure><img loading=\"lazy\" decoding=\"async\" width=\"600\" height=\"849\" src=\"https:\/\/caritaslondrina.com.br\/dese2\/wp-content\/uploads\/2020\/10\/2016.jpg\" alt=\"\" data-id=\"704\" data-full-url=\"https:\/\/caritaslondrina.com.br\/dese2\/wp-content\/uploads\/2020\/10\/2016.jpg\" data-link=\"https:\/\/caritaslondrina.com.br\/dese2\/decada-de-2010\/attachment\/2016\/\" class=\"wp-image-704\" srcset=\"https:\/\/caritaslondrina.com.br\/dese2\/wp-content\/uploads\/2020\/10\/2016.jpg 600w, https:\/\/caritaslondrina.com.br\/dese2\/wp-content\/uploads\/2020\/10\/2016-212x300.jpg 212w\" sizes=\"(max-width: 600px) 100vw, 600px\" \/><figcaption class=\"blocks-gallery-item__caption\">CF &#8211; 2016<\/figcaption><\/figure><\/li><li class=\"blocks-gallery-item\"><figure><img loading=\"lazy\" decoding=\"async\" width=\"675\" height=\"944\" src=\"https:\/\/caritaslondrina.com.br\/dese2\/wp-content\/uploads\/2020\/10\/2017.jpg\" alt=\"\" data-id=\"705\" data-full-url=\"https:\/\/caritaslondrina.com.br\/dese2\/wp-content\/uploads\/2020\/10\/2017.jpg\" data-link=\"https:\/\/caritaslondrina.com.br\/dese2\/decada-de-2010\/attachment\/2017\/\" class=\"wp-image-705\" srcset=\"https:\/\/caritaslondrina.com.br\/dese2\/wp-content\/uploads\/2020\/10\/2017.jpg 675w, https:\/\/caritaslondrina.com.br\/dese2\/wp-content\/uploads\/2020\/10\/2017-215x300.jpg 215w\" sizes=\"(max-width: 675px) 100vw, 675px\" \/><figcaption class=\"blocks-gallery-item__caption\">CF &#8211; 2017<\/figcaption><\/figure><\/li><li class=\"blocks-gallery-item\"><figure><img loading=\"lazy\" decoding=\"async\" width=\"359\" height=\"505\" src=\"https:\/\/caritaslondrina.com.br\/dese2\/wp-content\/uploads\/2020\/10\/2018.png\" alt=\"\" data-id=\"706\" data-full-url=\"https:\/\/caritaslondrina.com.br\/dese2\/wp-content\/uploads\/2020\/10\/2018.png\" data-link=\"https:\/\/caritaslondrina.com.br\/dese2\/decada-de-2010\/attachment\/2018\/\" class=\"wp-image-706\" srcset=\"https:\/\/caritaslondrina.com.br\/dese2\/wp-content\/uploads\/2020\/10\/2018.png 359w, https:\/\/caritaslondrina.com.br\/dese2\/wp-content\/uploads\/2020\/10\/2018-213x300.png 213w\" sizes=\"(max-width: 359px) 100vw, 359px\" \/><figcaption class=\"blocks-gallery-item__caption\">CF &#8211; 2018<\/figcaption><\/figure><\/li><li class=\"blocks-gallery-item\"><figure><img loading=\"lazy\" decoding=\"async\" width=\"737\" height=\"1024\" src=\"https:\/\/caritaslondrina.com.br\/dese2\/wp-content\/uploads\/2020\/10\/2019-737x1024.jpg\" alt=\"\" data-id=\"707\" data-full-url=\"https:\/\/caritaslondrina.com.br\/dese2\/wp-content\/uploads\/2020\/10\/2019.jpg\" data-link=\"https:\/\/caritaslondrina.com.br\/dese2\/decada-de-2010\/attachment\/2019\/\" class=\"wp-image-707\" srcset=\"https:\/\/caritaslondrina.com.br\/dese2\/wp-content\/uploads\/2020\/10\/2019-737x1024.jpg 737w, https:\/\/caritaslondrina.com.br\/dese2\/wp-content\/uploads\/2020\/10\/2019-216x300.jpg 216w, https:\/\/caritaslondrina.com.br\/dese2\/wp-content\/uploads\/2020\/10\/2019-768x1067.jpg 768w, https:\/\/caritaslondrina.com.br\/dese2\/wp-content\/uploads\/2020\/10\/2019.jpg 1000w\" sizes=\"(max-width: 737px) 100vw, 737px\" \/><figcaption class=\"blocks-gallery-item__caption\">CF &#8211; 2019<\/figcaption><\/figure><\/li><\/ul><figcaption class=\"blocks-gallery-caption is-layout-flex wp-block-gallery-is-layout-flex\">Banners das Campanhas da Fraternidade de 2010 a 2019 \/ Reprodu\u00e7\u00e3o CNBB<\/figcaption><\/figure>\n<\/div><\/div>\n","protected":false},"excerpt":{"rendered":"<p>Campanha da Fraternidade 2010Tema: Economia e VidaLema: &#8220;Voc\u00eas n\u00e3o podem servir a Deus e ao dinheiro&#8221; (Mt 6,24) Campanha da Fraternidade 2011Tema: Fraternidade e a Vida no PlanetaLema: &#8220;A cria\u00e7\u00e3o geme em dores e parto&#8221; (Rm 8,22) Campanha da Fraternidade 2012Tema: Fraternidade e Sa\u00fade P\u00fablicaLema: &#8220;Que a sa\u00fade se difunda sobre a Terra&#8221; (cf. Eclo &hellip;<\/p>\n<p class=\"read-more\"> <a class=\"\" href=\"https:\/\/caritaslondrina.com.br\/dese2\/decada-de-2010\/\"> <span class=\"screen-reader-text\">2010-2019<\/span> Leia mais &raquo;<\/a><\/p>\n","protected":false},"author":4,"featured_media":0,"parent":0,"menu_order":0,"comment_status":"closed","ping_status":"closed","template":"","meta":{"_coblocks_attr":"","_coblocks_dimensions":"","_coblocks_responsive_height":"","_coblocks_accordion_ie_support":"","_uag_custom_page_level_css":"","advgb_blocks_editor_width":"","advgb_blocks_columns_visual_guide":"","_mi_skip_tracking":false,"_monsterinsights_sitenote_active":false,"_monsterinsights_sitenote_note":"","_monsterinsights_sitenote_category":0,"site-sidebar-layout":"default","site-content-layout":"default","ast-global-header-display":"","ast-banner-title-visibility":"","ast-main-header-display":"","ast-hfb-above-header-display":"","ast-hfb-below-header-display":"","ast-hfb-mobile-header-display":"","site-post-title":"","ast-breadcrumbs-content":"","ast-featured-img":"","footer-sml-layout":"","theme-transparent-header-meta":"default","adv-header-id-meta":"","stick-header-meta":"","header-above-stick-meta":"","header-main-stick-meta":"","header-below-stick-meta":"","footnotes":""},"class_list":["post-610","page","type-page","status-publish","hentry"],"uagb_featured_image_src":{"full":false,"thumbnail":false,"medium":false,"medium_large":false,"large":false,"1536x1536":false,"2048x2048":false},"uagb_author_info":{"display_name":"Fellipe Tereska","author_link":"https:\/\/caritaslondrina.com.br\/dese2\/author\/fellipe-tereska\/"},"uagb_comment_info":0,"uagb_excerpt":"Campanha da Fraternidade 2010Tema: Economia e VidaLema: &#8220;Voc\u00eas n\u00e3o podem servir a Deus e ao dinheiro&#8221; (Mt 6,24) Campanha da Fraternidade 2011Tema: Fraternidade e a Vida no PlanetaLema: &#8220;A cria\u00e7\u00e3o geme em dores e parto&#8221; (Rm 8,22) Campanha da Fraternidade 2012Tema: Fraternidade e Sa\u00fade P\u00fablicaLema: &#8220;Que a sa\u00fade se difunda sobre a Terra&#8221; (cf. Eclo&hellip;","coauthors":[],"author_meta":{"author_link":"https:\/\/caritaslondrina.com.br\/dese2\/author\/fellipe-tereska\/","display_name":"Fellipe Tereska"},"relative_dates":{"created":"Publicado 6 anos atr\u00e1s","modified":"Atualizado 6 anos atr\u00e1s"},"absolute_dates":{"created":"Publicado em 6 de outubro de 2020","modified":"Atualizado em 13 de outubro de 2020"},"absolute_dates_time":{"created":"Publicado em 6 de outubro de 2020 10:44 pm","modified":"Atualizado em 13 de outubro de 2020 7:24 pm"},"featured_img_caption":"","featured_img":false,"series_order":"","_links":{"self":[{"href":"https:\/\/caritaslondrina.com.br\/dese2\/wp-json\/wp\/v2\/pages\/610","targetHints":{"allow":["GET"]}}],"collection":[{"href":"https:\/\/caritaslondrina.com.br\/dese2\/wp-json\/wp\/v2\/pages"}],"about":[{"href":"https:\/\/caritaslondrina.com.br\/dese2\/wp-json\/wp\/v2\/types\/page"}],"author":[{"embeddable":true,"href":"https:\/\/caritaslondrina.com.br\/dese2\/wp-json\/wp\/v2\/users\/4"}],"replies":[{"embeddable":true,"href":"https:\/\/caritaslondrina.com.br\/dese2\/wp-json\/wp\/v2\/comments?post=610"}],"version-history":[{"count":4,"href":"https:\/\/caritaslondrina.com.br\/dese2\/wp-json\/wp\/v2\/pages\/610\/revisions"}],"predecessor-version":[{"id":708,"href":"https:\/\/caritaslondrina.com.br\/dese2\/wp-json\/wp\/v2\/pages\/610\/revisions\/708"}],"wp:attachment":[{"href":"https:\/\/caritaslondrina.com.br\/dese2\/wp-json\/wp\/v2\/media?parent=610"}],"curies":[{"name":"wp","href":"https:\/\/api.w.org\/{rel}","templated":true}]}}