{"id":716,"date":"2020-10-14T22:34:00","date_gmt":"2020-10-15T01:34:00","guid":{"rendered":"https:\/\/caritaslondrina.com.br\/dese2\/?page_id=716"},"modified":"2020-10-14T22:34:01","modified_gmt":"2020-10-15T01:34:01","slug":"motivacoes-para-ser-voluntario-caritas","status":"publish","type":"page","link":"https:\/\/caritaslondrina.com.br\/dese2\/motivacoes-para-ser-voluntario-caritas\/","title":{"rendered":"MOTIVA\u00c7\u00d5ES PARA SER VOLUNT\u00c1RIO C\u00c1RITAS"},"content":{"rendered":"\n<h2 class=\"wp-block-heading\">\u00c9tica<\/h2>\n\n\n\n<p>Inspirado na Declara\u00e7\u00e3o Mundial dos Direitos Humanos (1948) e na Conven\u00e7\u00e3o dos Direitos da Crian\u00e7a (1989), os volunt\u00e1rios que estiveram presentes na ocasi\u00e3o da <em>International Association for Volunteer Efforts (IAVE)<\/em>, declararam que a a\u00e7\u00e3o volunt\u00e1ria:<\/p>\n\n\n\n<p>\u2022 Respeita a dignidade de todas as pessoas e a sua disposi\u00e7\u00e3o para melhorar suas vidas e exercer os seus direitos como cidad\u00e3os;<br><br>\u2022 Ajuda a resolver problemas sociais e ambientais<br><br>\u2022 Constr\u00f3i um mundo mais humano e justo, promovendo a coopera\u00e7\u00e3o internacional<br><br>Nesse sentido, a C\u00e1ritas considera fundamental  a dimens\u00e3o da \u00e9tica como motiva\u00e7\u00e3o intr\u00ednseca para a colabora\u00e7\u00e3o do\/a volunt\u00e1rio\/a, que engloba todas as pessoas crentes ou n\u00e3o crentes.  A \u00e9tica fundamental da dignidade humana, do cuidado e defesa dos direitos humanos e da natureza e na constru\u00e7\u00e3o efetiva da justi\u00e7a social. <\/p>\n\n\n\n<h2 class=\"wp-block-heading\">Motiva\u00e7\u00e3o pessoal e princ\u00edpios<\/h2>\n\n\n\n<p>Segundo os princ\u00edpios b\u00e1sicos do voluntariado, para a C\u00e1ritas a \u00c9tica se expressa em quatro movimentos: <strong>reconhecer, respeitar, promover <\/strong>e <strong>ofertar<\/strong>.<br><br>I &#8211; <strong>Reconhecer<\/strong> a dignidade e a cultura de cada ser humano<br>II &#8211; <strong>Respeitar<\/strong> o direito de cada pessoa humana viver livremente, sem distin\u00e7\u00e3o de ra\u00e7a, religi\u00e3o, condi\u00e7\u00e3o f\u00edsica, social, econ\u00f4mica, orienta\u00e7\u00e3o sexual ou outra;<br>III &#8211; <strong>Promover<\/strong> responsabilidade social, participa\u00e7\u00e3o cidad\u00e3, coopera\u00e7\u00e3o solid\u00e1ria nacional e internacional;<br>IV &#8211; <strong>Ofertar<\/strong> sua colabora\u00e7\u00e3o aos demais, sem qualquer remunera\u00e7\u00e3o, individualmente ou atrav\u00e9s do esfor\u00e7o conjunto;<\/p>\n","protected":false},"excerpt":{"rendered":"<p>\u00c9tica Inspirado na Declara\u00e7\u00e3o Mundial dos Direitos Humanos (1948) e na Conven\u00e7\u00e3o dos Direitos da Crian\u00e7a (1989), os volunt\u00e1rios que estiveram presentes na ocasi\u00e3o da International Association for Volunteer Efforts (IAVE), declararam que a a\u00e7\u00e3o volunt\u00e1ria: \u2022 Respeita a dignidade de todas as pessoas e a sua disposi\u00e7\u00e3o para melhorar suas vidas e exercer os &hellip;<\/p>\n<p class=\"read-more\"> <a class=\"\" href=\"https:\/\/caritaslondrina.com.br\/dese2\/motivacoes-para-ser-voluntario-caritas\/\"> <span class=\"screen-reader-text\">MOTIVA\u00c7\u00d5ES PARA SER VOLUNT\u00c1RIO C\u00c1RITAS<\/span> Leia mais &raquo;<\/a><\/p>\n","protected":false},"author":4,"featured_media":0,"parent":0,"menu_order":0,"comment_status":"closed","ping_status":"closed","template":"","meta":{"_coblocks_attr":"","_coblocks_dimensions":"","_coblocks_responsive_height":"","_coblocks_accordion_ie_support":"","_uag_custom_page_level_css":"","advgb_blocks_editor_width":"","advgb_blocks_columns_visual_guide":"","_mi_skip_tracking":false,"_monsterinsights_sitenote_active":false,"_monsterinsights_sitenote_note":"","_monsterinsights_sitenote_category":0,"site-sidebar-layout":"default","site-content-layout":"default","ast-global-header-display":"","ast-banner-title-visibility":"","ast-main-header-display":"","ast-hfb-above-header-display":"","ast-hfb-below-header-display":"","ast-hfb-mobile-header-display":"","site-post-title":"","ast-breadcrumbs-content":"","ast-featured-img":"","footer-sml-layout":"","theme-transparent-header-meta":"default","adv-header-id-meta":"","stick-header-meta":"","header-above-stick-meta":"","header-main-stick-meta":"","header-below-stick-meta":"","footnotes":""},"class_list":["post-716","page","type-page","status-publish","hentry"],"uagb_featured_image_src":{"full":false,"thumbnail":false,"medium":false,"medium_large":false,"large":false,"1536x1536":false,"2048x2048":false},"uagb_author_info":{"display_name":"Fellipe Tereska","author_link":"https:\/\/caritaslondrina.com.br\/dese2\/author\/fellipe-tereska\/"},"uagb_comment_info":0,"uagb_excerpt":"\u00c9tica Inspirado na Declara\u00e7\u00e3o Mundial dos Direitos Humanos (1948) e na Conven\u00e7\u00e3o dos Direitos da Crian\u00e7a (1989), os volunt\u00e1rios que estiveram presentes na ocasi\u00e3o da International Association for Volunteer Efforts (IAVE), declararam que a a\u00e7\u00e3o volunt\u00e1ria: \u2022 Respeita a dignidade de todas as pessoas e a sua disposi\u00e7\u00e3o para melhorar suas vidas e exercer os&hellip;","coauthors":[],"author_meta":{"author_link":"https:\/\/caritaslondrina.com.br\/dese2\/author\/fellipe-tereska\/","display_name":"Fellipe Tereska"},"relative_dates":{"created":"Publicado 6 anos atr\u00e1s","modified":"Atualizado 6 anos atr\u00e1s"},"absolute_dates":{"created":"Publicado em 14 de outubro de 2020","modified":"Atualizado em 14 de outubro de 2020"},"absolute_dates_time":{"created":"Publicado em 14 de outubro de 2020 10:34 pm","modified":"Atualizado em 14 de outubro de 2020 10:34 pm"},"featured_img_caption":"","featured_img":false,"series_order":"","_links":{"self":[{"href":"https:\/\/caritaslondrina.com.br\/dese2\/wp-json\/wp\/v2\/pages\/716","targetHints":{"allow":["GET"]}}],"collection":[{"href":"https:\/\/caritaslondrina.com.br\/dese2\/wp-json\/wp\/v2\/pages"}],"about":[{"href":"https:\/\/caritaslondrina.com.br\/dese2\/wp-json\/wp\/v2\/types\/page"}],"author":[{"embeddable":true,"href":"https:\/\/caritaslondrina.com.br\/dese2\/wp-json\/wp\/v2\/users\/4"}],"replies":[{"embeddable":true,"href":"https:\/\/caritaslondrina.com.br\/dese2\/wp-json\/wp\/v2\/comments?post=716"}],"version-history":[{"count":1,"href":"https:\/\/caritaslondrina.com.br\/dese2\/wp-json\/wp\/v2\/pages\/716\/revisions"}],"predecessor-version":[{"id":717,"href":"https:\/\/caritaslondrina.com.br\/dese2\/wp-json\/wp\/v2\/pages\/716\/revisions\/717"}],"wp:attachment":[{"href":"https:\/\/caritaslondrina.com.br\/dese2\/wp-json\/wp\/v2\/media?parent=716"}],"curies":[{"name":"wp","href":"https:\/\/api.w.org\/{rel}","templated":true}]}}

MOTIVAÇÕES PARA SER VOLUNTÁRIO CÁRITAS

<h2 class="wp-block-heading">Ética</h2>



<p>Inspirado na Declaração Mundial dos Direitos Humanos (1948) e na Convenção dos Direitos da Criança (1989), os voluntários que estiveram presentes na ocasião da <em>International Association for Volunteer Efforts (IAVE)</em>, declararam que a ação voluntária:</p>



<p>• Respeita a dignidade de todas as pessoas e a sua disposição para melhorar suas vidas e exercer os seus direitos como cidadãos;<br><br>• Ajuda a resolver problemas sociais e ambientais<br><br>• Constrói um mundo mais humano e justo, promovendo a cooperação internacional<br><br>Nesse sentido, a Cáritas considera fundamental  a dimensão da ética como motivação intrínseca para a colaboração do/a voluntário/a, que engloba todas as pessoas crentes ou não crentes.  A ética fundamental da dignidade humana, do cuidado e defesa dos direitos humanos e da natureza e na construção efetiva da justiça social. </p>



<h2 class="wp-block-heading">Motivação pessoal e princípios</h2>



<p>Segundo os princípios básicos do voluntariado, para a Cáritas a Ética se expressa em quatro movimentos: <strong>reconhecer, respeitar, promover </strong>e <strong>ofertar</strong>.<br><br>I &#8211; <strong>Reconhecer</strong> a dignidade e a cultura de cada ser humano<br>II &#8211; <strong>Respeitar</strong> o direito de cada pessoa humana viver livremente, sem distinção de raça, religião, condição física, social, econômica, orientação sexual ou outra;<br>III &#8211; <strong>Promover</strong> responsabilidade social, participação cidadã, cooperação solidária nacional e internacional;<br>IV &#8211; <strong>Ofertar</strong> sua colaboração aos demais, sem qualquer remuneração, individualmente ou através do esforço conjunto;</p>

<p>Ética Inspirado na Declaração Mundial dos Direitos Humanos (1948) e na Convenção dos Direitos da Criança (1989), os voluntários que estiveram presentes na ocasião da International Association for Volunteer Efforts (IAVE), declararam que a ação voluntária: • Respeita a dignidade de todas as pessoas e a sua disposição para melhorar suas vidas e exercer os &hellip;</p>
<p class="read-more"> <a class="" href="https://caritaslondrina.com.br/dese2/motivacoes-para-ser-voluntario-caritas/"> <span class="screen-reader-text">MOTIVAÇÕES PARA SER VOLUNTÁRIO CÁRITAS</span> Leia mais &raquo;</a></p>

Ética Inspirado na Declaração Mundial dos Direitos Humanos (1948) e na Convenção dos Direitos da Criança (1989), os voluntários que estiveram presentes na ocasião da International Association for Volunteer Efforts (IAVE), declararam que a ação voluntária: • Respeita a dignidade de todas as pessoas e a sua disposição para melhorar suas vidas e exercer os&hellip;

Publicado 6 anos atrás

Atualizado 6 anos atrás
